CRAN Package Check Results for Package ASIP

Last updated on 2021-10-26 02:56:23 CEST.

Flavor Version Tinstall Tcheck Ttotal Status Flags
r-devel-linux-x86_64-debian-clang 0.4.9 29.16 254.38 283.54 NOTE
r-devel-linux-x86_64-debian-gcc 0.4.9 25.36 198.73 224.09 NOTE
r-devel-linux-x86_64-fedora-clang 0.4.9 345.72 NOTE
r-devel-linux-x86_64-fedora-gcc 0.4.9 336.54 NOTE
r-devel-windows-x86_64 0.4.9 44.00 283.00 327.00 NOTE
r-devel-windows-x86_64-gcc10-UCRT 0.4.9 NOTE
r-patched-linux-x86_64 0.4.9 27.40 244.20 271.60 NOTE
r-patched-solaris-x86 0.4.9 235.70 NOTE
r-release-linux-x86_64 0.4.9 30.77 250.71 281.48 NOTE
r-release-macos-arm64 0.4.9 NOTE
r-release-macos-x86_64 0.4.9 NOTE
r-release-windows-ix86+x86_64 0.4.9 41.00 233.00 274.00 NOTE
r-oldrel-macos-x86_64 0.4.9 OK
r-oldrel-windows-ix86+x86_64 0.4.9 33.00 142.00 175.00 OK

Check Details

Version: 0.4.9
Check: LazyData
Result: NOTE
     'LazyData' is specified without a 'data' directory
Flavors: r-devel-linux-x86_64-debian-clang, r-devel-linux-x86_64-debian-gcc, r-devel-linux-x86_64-fedora-clang, r-devel-linux-x86_64-fedora-gcc, r-devel-windows-x86_64, r-devel-windows-x86_64-gcc10-UCRT, r-patched-linux-x86_64, r-patched-solaris-x86, r-release-linux-x86_64, r-release-macos-arm64, r-release-macos-x86_64, r-release-windows-ix86+x86_64