CRAN Package Check Results for Package BayesPostEst

Last updated on 2023-06-04 02:54:17 CEST.

Flavor Version Tinstall Tcheck Ttotal Status Flags
r-devel-linux-x86_64-debian-clang 0.3.2 6.68 216.96 223.64 OK
r-devel-linux-x86_64-debian-gcc 0.3.2 5.21 158.35 163.56 OK
r-devel-linux-x86_64-fedora-clang 0.3.2 281.65 NOTE
r-devel-linux-x86_64-fedora-gcc 0.3.2 299.81 NOTE
r-devel-windows-x86_64 0.3.2 10.00 214.00 224.00 OK
r-patched-linux-x86_64 0.3.2 6.89 211.46 218.35 OK
r-release-linux-x86_64 0.3.2 6.13 206.58 212.71 OK
r-release-macos-arm64 0.3.2 100.00 OK
r-release-macos-x86_64 0.3.2 160.00 OK
r-release-windows-x86_64 0.3.2 10.00 244.00 254.00 OK
r-oldrel-macos-arm64 0.3.2 104.00 NOTE
r-oldrel-macos-x86_64 0.3.2 132.00 NOTE
r-oldrel-windows-x86_64 0.3.2 11.00 236.00 247.00 OK

Check Details

Version: 0.3.2
Check: dependencies in R code
Result: NOTE
    Namespaces in Imports field not imported from:
     ‘HDInterval’ ‘MCMCpack’ ‘R2WinBUGS’ ‘R2jags’ ‘carData’ ‘rjags’
     All declared Imports should be used.
Flavors: r-devel-linux-x86_64-fedora-clang, r-devel-linux-x86_64-fedora-gcc, r-oldrel-macos-arm64, r-oldrel-macos-x86_64