Last updated on 2023-05-28 02:55:44 CEST.
Flavor | Version | Tinstall | Tcheck | Ttotal | Status | Flags |
---|---|---|---|---|---|---|
r-devel-linux-x86_64-debian-clang | 2.1.4 | 46.15 | 193.51 | 239.66 | OK | |
r-devel-linux-x86_64-debian-gcc | 2.1.4 | 32.42 | 145.81 | 178.23 | OK | |
r-devel-linux-x86_64-fedora-clang | 2.1.4 | 323.39 | NOTE | |||
r-devel-linux-x86_64-fedora-gcc | 2.1.4 | 308.92 | NOTE | |||
r-devel-windows-x86_64 | 2.1.4 | 38.00 | 162.00 | 200.00 | OK | |
r-patched-linux-x86_64 | 2.1.4 | 41.85 | 185.97 | 227.82 | OK | |
r-release-linux-x86_64 | 2.1.4 | 33.45 | 185.69 | 219.14 | OK | |
r-release-macos-arm64 | 2.1.4 | 70.00 | OK | |||
r-release-macos-x86_64 | 2.1.3 | 136.00 | OK | |||
r-release-windows-x86_64 | 2.1.4 | 48.00 | 208.00 | 256.00 | OK | |
r-oldrel-macos-arm64 | 2.1.4 | 75.00 | OK | |||
r-oldrel-macos-x86_64 | 2.1.4 | 98.00 | OK | |||
r-oldrel-windows-x86_64 | 2.1.4 | 45.00 | 193.00 | 238.00 | OK |
Version: 2.1.4
Check: dependencies in R code
Result: NOTE
Namespace in Imports field not imported from: ‘RBGL’
All declared Imports should be used.
Flavors: r-devel-linux-x86_64-fedora-clang, r-devel-linux-x86_64-fedora-gcc