CRAN Package Check Results for Package BlockCov

Last updated on 2021-10-26 02:56:24 CEST.

Flavor Version Tinstall Tcheck Ttotal Status Flags
r-devel-linux-x86_64-debian-clang 0.1.1 8.61 96.66 105.27 NOTE
r-devel-linux-x86_64-debian-gcc 0.1.1 7.62 72.22 79.84 NOTE
r-devel-linux-x86_64-fedora-clang 0.1.1 136.33 NOTE
r-devel-linux-x86_64-fedora-gcc 0.1.1 123.81 NOTE
r-devel-windows-x86_64 0.1.1 14.00 124.00 138.00 NOTE
r-devel-windows-x86_64-gcc10-UCRT 0.1.1 NOTE
r-patched-linux-x86_64 0.1.1 8.66 79.35 88.01 NOTE
r-patched-solaris-x86 0.1.1 184.90 NOTE
r-release-linux-x86_64 0.1.1 8.00 79.76 87.76 NOTE
r-release-macos-arm64 0.1.1 NOTE
r-release-macos-x86_64 0.1.1 NOTE
r-release-windows-ix86+x86_64 0.1.1 15.00 103.00 118.00 NOTE
r-oldrel-macos-x86_64 0.1.1 OK
r-oldrel-windows-ix86+x86_64 0.1.1 22.00 113.00 135.00 OK

Check Details

Version: 0.1.1
Check: LazyData
Result: NOTE
     'LazyData' is specified without a 'data' directory
Flavors: r-devel-linux-x86_64-debian-clang, r-devel-linux-x86_64-debian-gcc, r-devel-linux-x86_64-fedora-clang, r-devel-linux-x86_64-fedora-gcc, r-devel-windows-x86_64, r-devel-windows-x86_64-gcc10-UCRT, r-patched-linux-x86_64, r-patched-solaris-x86, r-release-linux-x86_64, r-release-macos-arm64, r-release-macos-x86_64, r-release-windows-ix86+x86_64