CRAN Package Check Results for Package CADStat

Last updated on 2021-07-24 02:48:27 CEST.

Flavor Version Tinstall Tcheck Ttotal Status Flags
r-devel-linux-x86_64-debian-clang 3.0.8 18.98 133.67 152.65 NOTE
r-devel-linux-x86_64-debian-gcc 3.0.8 14.14 103.17 117.31 NOTE
r-devel-linux-x86_64-fedora-clang 3.0.8 204.75 NOTE
r-devel-linux-x86_64-fedora-gcc 3.0.8 179.24 NOTE
r-devel-windows-x86_64 3.0.8 18.00 105.00 123.00 NOTE
r-devel-windows-x86_64-gcc10-UCRT 3.0.8 NOTE
r-patched-linux-x86_64 3.0.8 18.19 126.65 144.84 NOTE
r-patched-solaris-x86 3.0.8 278.00 NOTE
r-release-linux-x86_64 3.0.8 16.97 127.25 144.22 NOTE
r-release-macos-arm64 3.0.8 ERROR
r-release-macos-x86_64 3.0.8 NOTE
r-release-windows-ix86+x86_64 3.0.8 35.00 123.00 158.00 NOTE
r-oldrel-macos-x86_64 3.0.8 OK
r-oldrel-windows-ix86+x86_64 3.0.8 36.00 137.00 173.00 OK

Check Details

Version: 3.0.8
Check: LazyData
Result: NOTE
     'LazyData' is specified without a 'data' directory
Flavors: r-devel-linux-x86_64-debian-clang, r-devel-linux-x86_64-debian-gcc, r-devel-linux-x86_64-fedora-clang, r-devel-linux-x86_64-fedora-gcc, r-devel-windows-x86_64, r-devel-windows-x86_64-gcc10-UCRT, r-patched-linux-x86_64, r-patched-solaris-x86, r-release-linux-x86_64, r-release-macos-x86_64, r-release-windows-ix86+x86_64

Version: 3.0.8
Check: whether package can be installed
Result: ERROR
    Installation failed.
Flavor: r-release-macos-arm64