Last updated on 2023-06-04 02:54:18 CEST.
Flavor | Version | Tinstall | Tcheck | Ttotal | Status | Flags |
---|---|---|---|---|---|---|
r-devel-linux-x86_64-debian-clang | 3.3.1 | 103.49 | 289.77 | 393.26 | OK | |
r-devel-linux-x86_64-debian-gcc | 3.3.1 | 77.65 | 213.73 | 291.38 | OK | |
r-devel-linux-x86_64-fedora-clang | 3.3.1 | 508.81 | OK | |||
r-devel-linux-x86_64-fedora-gcc | 3.3.1 | 514.46 | OK | |||
r-devel-windows-x86_64 | 3.3.1 | 67.00 | 268.00 | 335.00 | OK | |
r-patched-linux-x86_64 | 3.3.1 | 73.56 | 270.70 | 344.26 | OK | |
r-release-linux-x86_64 | 3.3.1 | 83.59 | 268.38 | 351.97 | OK | |
r-release-macos-arm64 | 3.3.1 | 139.00 | NOTE | |||
r-release-macos-x86_64 | 3.3.1 | 242.00 | NOTE | |||
r-release-windows-x86_64 | 3.3.1 | 93.00 | 320.00 | 413.00 | OK | |
r-oldrel-macos-arm64 | 3.3.1 | 117.00 | NOTE | |||
r-oldrel-macos-x86_64 | 3.3.1 | 165.00 | NOTE | |||
r-oldrel-windows-x86_64 | 3.3.1 | 89.00 | 283.00 | 372.00 | OK |
Version: 3.3.1
Check: installed package size
Result: NOTE
installed size is 7.9Mb
sub-directories of 1Mb or more:
libs 6.0Mb
Flavors: r-release-macos-arm64, r-release-macos-x86_64, r-oldrel-macos-arm64, r-oldrel-macos-x86_64