CRAN Package Check Results for Package Cascade

Last updated on 2022-05-16 02:50:58 CEST.

Flavor Version Tinstall Tcheck Ttotal Status Flags
r-devel-linux-x86_64-debian-clang 2.0 11.34 132.34 143.68 OK
r-devel-linux-x86_64-debian-gcc 2.0 10.56 100.45 111.01 OK
r-devel-linux-x86_64-fedora-clang 2.0 178.48 NOTE
r-devel-linux-x86_64-fedora-gcc 2.0 170.95 NOTE
r-devel-windows-x86_64 2.0 37.00 152.00 189.00 OK
r-patched-linux-x86_64 2.0 11.38 125.23 136.61 OK
r-release-linux-x86_64 2.0 13.70 126.18 139.88 OK
r-release-macos-arm64 2.0 47.00 NOTE
r-release-macos-x86_64 2.0 68.00 NOTE
r-release-windows-x86_64 2.0 42.00 150.00 192.00 OK
r-oldrel-macos-arm64 2.0 55.00 NOTE
r-oldrel-macos-x86_64 2.0 77.00 NOTE
r-oldrel-windows-ix86+x86_64 2.0 27.00 147.00 174.00 OK

Check Details

Version: 2.0
Check: dependencies in R code
Result: NOTE
    Namespace in Imports field not imported from: ‘abind’
     All declared Imports should be used.
Flavors: r-devel-linux-x86_64-fedora-clang, r-devel-linux-x86_64-fedora-gcc, r-release-macos-arm64, r-release-macos-x86_64, r-oldrel-macos-arm64, r-oldrel-macos-x86_64