Last updated on 2023-02-09 02:53:09 CET.
Flavor | Version | Tinstall | Tcheck | Ttotal | Status | Flags |
---|---|---|---|---|---|---|
r-devel-linux-x86_64-debian-clang | 1.2-1 | 19.57 | 136.70 | 156.27 | NOTE | |
r-devel-linux-x86_64-debian-gcc | 1.2-1 | 14.68 | 99.30 | 113.98 | NOTE | |
r-devel-linux-x86_64-fedora-clang | 1.2-1 | 191.77 | NOTE | |||
r-devel-linux-x86_64-fedora-gcc | 1.2-1 | 196.32 | NOTE | |||
r-devel-windows-x86_64 | 1.2-1 | 134.00 | 178.00 | 312.00 | NOTE | |
r-patched-linux-x86_64 | 1.2-1 | 21.13 | 125.37 | 146.50 | OK | |
r-release-linux-x86_64 | 1.2-1 | 15.73 | 123.49 | 139.22 | OK | |
r-release-macos-arm64 | 1.2-1 | 45.00 | OK | |||
r-release-macos-x86_64 | 1.2-1 | 71.00 | OK | |||
r-release-windows-x86_64 | 1.2-1 | 100.00 | 182.00 | 282.00 | OK | |
r-oldrel-macos-arm64 | 1.2-1 | 43.00 | OK | |||
r-oldrel-macos-x86_64 | 1.2-1 | 64.00 | OK | |||
r-oldrel-windows-ix86+x86_64 | 1.2-1 | 30.00 | 153.00 | 183.00 | OK |
Version: 1.2-1
Check: Rd files
Result: NOTE
checkRd: (-1) block.catlg.Rd:61: Escaped LaTeX specials: \^ \^
Flavors: r-devel-linux-x86_64-debian-clang, r-devel-linux-x86_64-debian-gcc, r-devel-linux-x86_64-fedora-clang, r-devel-linux-x86_64-fedora-gcc, r-devel-windows-x86_64