Last updated on 2022-05-22 02:49:02 CEST.
Flavor | Version | Tinstall | Tcheck | Ttotal | Status | Flags |
---|---|---|---|---|---|---|
r-devel-linux-x86_64-debian-clang | 1.2.7 | 11.05 | 92.30 | 103.35 | NOTE | |
r-devel-linux-x86_64-debian-gcc | 1.2.7 | 8.25 | 68.30 | 76.55 | NOTE | |
r-devel-linux-x86_64-fedora-clang | 1.2.7 | 121.66 | NOTE | |||
r-devel-linux-x86_64-fedora-gcc | 1.2.7 | 120.26 | NOTE | |||
r-devel-windows-x86_64 | 1.2.7 | 36.00 | 113.00 | 149.00 | OK | |
r-patched-linux-x86_64 | 1.2.7 | 11.23 | 85.51 | 96.74 | NOTE | |
r-release-linux-x86_64 | 1.2.7 | 10.15 | 84.35 | 94.50 | NOTE | |
r-release-macos-arm64 | 1.2.7 | 36.00 | OK | |||
r-release-macos-x86_64 | 1.2.7 | 66.00 | OK | |||
r-release-windows-x86_64 | 1.2.7 | 33.00 | 115.00 | 148.00 | OK | |
r-oldrel-macos-arm64 | 1.2.7 | 38.00 | OK | |||
r-oldrel-macos-x86_64 | 1.2.7 | 57.00 | OK | |||
r-oldrel-windows-ix86+x86_64 | 1.2.7 | 27.00 | 131.00 | 158.00 | OK |
Version: 1.2.7
Check: for non-standard things in the check directory
Result: NOTE
Found the following files/directories:
'Bogota.tex' 'DogBreeds1.tex'
Flavors: r-devel-linux-x86_64-debian-clang, r-devel-linux-x86_64-debian-gcc, r-devel-linux-x86_64-fedora-clang, r-devel-linux-x86_64-fedora-gcc, r-patched-linux-x86_64, r-release-linux-x86_64