CRAN Package Check Results for Package LSRS

Last updated on 2024-04-20 02:49:59 CEST.

Flavor Version Tinstall Tcheck Ttotal Status Flags
r-devel-linux-x86_64-debian-clang 0.2.0 2.18 21.39 23.57 NOTE
r-devel-linux-x86_64-debian-gcc 0.2.0 NOTE
r-devel-linux-x86_64-fedora-clang 0.2.0 29.51 NOTE
r-devel-linux-x86_64-fedora-gcc 0.2.0 27.84 NOTE
r-prerel-macos-arm64 0.2.0 14.00 NOTE
r-prerel-windows-x86_64 0.2.0 3.00 40.00 43.00 NOTE
r-patched-linux-x86_64 0.2.0 2.06 20.61 22.67 NOTE
r-release-linux-x86_64 0.2.0 2.00 21.26 23.26 NOTE
r-release-macos-arm64 0.2.0 15.00 NOTE
r-release-macos-x86_64 0.2.0 19.00 NOTE
r-release-windows-x86_64 0.2.0 2.00 38.00 40.00 NOTE
r-oldrel-macos-arm64 0.2.0 17.00 NOTE
r-oldrel-windows-x86_64 0.2.0 4.00 42.00 46.00 NOTE

Check Details

Version: 0.2.0
Check: LazyData
Result: NOTE 'LazyData' is specified without a 'data' directory Flavors: r-devel-linux-x86_64-debian-clang, r-devel-linux-x86_64-debian-gcc, r-devel-linux-x86_64-fedora-clang, r-devel-linux-x86_64-fedora-gcc, r-prerel-macos-arm64, r-prerel-windows-x86_64, r-patched-linux-x86_64, r-release-linux-x86_64, r-release-macos-arm64, r-release-macos-x86_64, r-release-windows-x86_64, r-oldrel-macos-arm64, r-oldrel-windows-x86_64