CRAN Package Check Results for Package LTRCtrees

Last updated on 2021-07-24 02:48:36 CEST.

Flavor Version Tinstall Tcheck Ttotal Status Flags
r-devel-linux-x86_64-debian-clang 1.1.1 2.80 61.73 64.53 NOTE
r-devel-linux-x86_64-debian-gcc 1.1.1 2.23 43.05 45.28 NOTE
r-devel-linux-x86_64-fedora-clang 1.1.1 83.23 NOTE
r-devel-linux-x86_64-fedora-gcc 1.1.1 77.43 NOTE
r-devel-windows-x86_64 1.1.1 5.00 59.00 64.00 NOTE
r-devel-windows-x86_64-gcc10-UCRT 1.1.1 NOTE
r-patched-linux-x86_64 1.1.1 2.21 57.06 59.27 NOTE
r-patched-solaris-x86 1.1.1 100.80 NOTE
r-release-linux-x86_64 1.1.1 2.66 57.27 59.93 NOTE
r-release-macos-arm64 1.1.1 ERROR
r-release-macos-x86_64 1.1.1 NOTE
r-release-windows-ix86+x86_64 1.1.1 6.00 59.00 65.00 NOTE
r-oldrel-macos-x86_64 1.1.1 NOTE
r-oldrel-windows-ix86+x86_64 1.1.1 7.00 72.00 79.00 OK

Check Details

Version: 1.1.1
Check: LazyData
Result: NOTE
     'LazyData' is specified without a 'data' directory
Flavors: r-devel-linux-x86_64-debian-clang, r-devel-linux-x86_64-debian-gcc, r-devel-linux-x86_64-fedora-clang, r-devel-linux-x86_64-fedora-gcc, r-devel-windows-x86_64, r-devel-windows-x86_64-gcc10-UCRT, r-patched-linux-x86_64, r-patched-solaris-x86, r-release-linux-x86_64, r-release-macos-x86_64, r-release-windows-ix86+x86_64

Version: 1.1.1
Check: dependencies in R code
Result: NOTE
    Namespaces in Imports field not imported from:
     ‘Icens’ ‘interval’
     All declared Imports should be used.
Flavors: r-devel-linux-x86_64-fedora-clang, r-devel-linux-x86_64-fedora-gcc, r-devel-windows-x86_64-gcc10-UCRT, r-patched-solaris-x86, r-release-macos-x86_64, r-oldrel-macos-x86_64

Version: 1.1.1
Check: package dependencies
Result: ERROR
    Packages required but not available: 'Icens', 'interval'
    
    See section ‘The DESCRIPTION file’ in the ‘Writing R Extensions’
    manual.
Flavor: r-release-macos-arm64