CRAN Package Check Results for Package MAP

Last updated on 2022-10-03 02:53:40 CEST.

Flavor Version Tinstall Tcheck Ttotal Status Flags
r-devel-linux-x86_64-debian-clang 0.1.3 9.56 82.62 92.18 NOTE
r-devel-linux-x86_64-debian-gcc 0.1.3 6.87 62.11 68.98 NOTE
r-devel-linux-x86_64-fedora-clang 0.1.3 123.93 NOTE
r-devel-linux-x86_64-fedora-gcc 0.1.3 119.34 NOTE
r-devel-windows-x86_64 0.1.3 12.00 101.00 113.00 NOTE
r-patched-linux-x86_64 0.1.3 9.66 78.14 87.80 NOTE
r-release-linux-x86_64 0.1.3 9.11 78.60 87.71 NOTE
r-release-macos-arm64 0.1.3 35.00 NOTE
r-release-macos-x86_64 0.1.3 45.00 NOTE
r-release-windows-x86_64 0.1.3 11.00 104.00 115.00 NOTE
r-oldrel-macos-arm64 0.1.3 40.00 NOTE
r-oldrel-macos-x86_64 0.1.3 66.00 NOTE
r-oldrel-windows-ix86+x86_64 0.1.3 20.00 105.00 125.00 NOTE

Check Details

Version: 0.1.3
Check: LazyData
Result: NOTE
     'LazyData' is specified without a 'data' directory
Flavors: r-devel-linux-x86_64-debian-clang, r-devel-linux-x86_64-debian-gcc, r-devel-linux-x86_64-fedora-clang, r-devel-linux-x86_64-fedora-gcc, r-devel-windows-x86_64, r-patched-linux-x86_64, r-release-linux-x86_64, r-release-macos-arm64, r-release-macos-x86_64, r-release-windows-x86_64, r-oldrel-macos-arm64, r-oldrel-macos-x86_64, r-oldrel-windows-ix86+x86_64