CRAN Package Check Results for Package MPTinR

Last updated on 2024-02-21 02:52:19 CET.

Flavor Version Tinstall Tcheck Ttotal Status Flags
r-devel-linux-x86_64-debian-clang 1.14.1 NOTE
r-devel-linux-x86_64-debian-gcc 1.14.1 54.73 183.63 238.36 NOTE
r-devel-linux-x86_64-fedora-clang 1.14.1 384.29 OK
r-devel-linux-x86_64-fedora-gcc 1.14.1 414.96 OK
r-devel-windows-x86_64 1.14.1 52.00 234.00 286.00 OK
r-patched-linux-x86_64 1.14.1 64.73 237.99 302.72 OK
r-release-linux-x86_64 1.14.1 68.55 229.34 297.89 OK
r-release-macos-arm64 1.14.1 123.00 NOTE
r-release-macos-x86_64 1.14.1 199.00 NOTE
r-release-windows-x86_64 1.14.1 66.00 291.00 357.00 OK
r-oldrel-macos-arm64 1.14.1 85.00 NOTE
r-oldrel-windows-x86_64 1.14.1 63.00 278.00 341.00 OK

Check Details

Version: 1.14.1
Check: Rd files
Result: NOTE checkRd: (-1) get.mpt.fia.Rd:60: Lost braces 60 | \item{lnconst}{When inequality constraints are present, \code{lnconst} serves as an adjustment of code{lnInt}. It estimates the logarithm of the proportion of parameter space [0,1]^S that satisfies those inequality constraints, and the log integral term is given by \code{lnInt+lnconst}. | ^ checkRd: (-1) prediction.plot.Rd:38: Lost braces 38 | The labels on the x-axis. Default is \code{Tree 1} to code{Tree n}. | ^ Flavors: r-devel-linux-x86_64-debian-clang, r-devel-linux-x86_64-debian-gcc

Version: 1.14.1
Check: installed package size
Result: NOTE installed size is 10.6Mb sub-directories of 1Mb or more: libs 9.4Mb Flavors: r-release-macos-arm64, r-release-macos-x86_64, r-oldrel-macos-arm64