Last updated on 2023-01-31 03:00:50 CET.
Flavor | Version | Tinstall | Tcheck | Ttotal | Status | Flags |
---|---|---|---|---|---|---|
r-devel-linux-x86_64-debian-clang | 1.14.1 | 68.99 | 239.34 | 308.33 | OK | |
r-devel-linux-x86_64-debian-gcc | 1.14.1 | 56.56 | 185.95 | 242.51 | OK | |
r-devel-linux-x86_64-fedora-clang | 1.14.1 | 385.20 | OK | |||
r-devel-linux-x86_64-fedora-gcc | 1.14.1 | 411.82 | OK | |||
r-devel-windows-x86_64 | 1.14.1 | 69.00 | 334.00 | 403.00 | OK | |
r-patched-linux-x86_64 | 1.14.1 | 60.81 | 227.46 | 288.27 | OK | |
r-release-linux-x86_64 | 1.14.1 | 55.18 | 227.34 | 282.52 | OK | |
r-release-macos-arm64 | 1.14.1 | 85.00 | NOTE | |||
r-release-macos-x86_64 | 1.14.1 | 108.00 | NOTE | |||
r-release-windows-x86_64 | 1.14.1 | 72.00 | 331.00 | 403.00 | OK | |
r-oldrel-macos-arm64 | 1.14.1 | 106.00 | NOTE | |||
r-oldrel-macos-x86_64 | 1.14.1 | 102.00 | NOTE | |||
r-oldrel-windows-ix86+x86_64 | 1.14.1 | 142.00 | 335.00 | 477.00 | OK |
Version: 1.14.1
Check: installed package size
Result: NOTE
installed size is 10.6Mb
sub-directories of 1Mb or more:
libs 9.4Mb
Flavors: r-release-macos-arm64, r-release-macos-x86_64, r-oldrel-macos-arm64, r-oldrel-macos-x86_64