CRAN Package Check Results for Package OpenML

Last updated on 2021-07-24 02:48:39 CEST.

Flavor Version Tinstall Tcheck Ttotal Status Flags
r-devel-linux-x86_64-debian-clang 1.10 10.21 71.77 81.98 NOTE
r-devel-linux-x86_64-debian-gcc 1.10 7.56 53.78 61.34 NOTE
r-devel-linux-x86_64-fedora-clang 1.10 105.97 NOTE
r-devel-linux-x86_64-fedora-gcc 1.10 97.60 NOTE
r-devel-windows-x86_64 1.10 11.00 65.00 76.00 NOTE
r-devel-windows-x86_64-gcc10-UCRT 1.10 NOTE
r-patched-linux-x86_64 1.10 10.83 67.13 77.96 NOTE
r-patched-solaris-x86 1.10 131.40 NOTE
r-release-linux-x86_64 1.10 8.15 67.21 75.36 NOTE
r-release-macos-arm64 1.10 NOTE
r-release-macos-x86_64 1.10 NOTE
r-release-windows-ix86+x86_64 1.10 17.00 68.00 85.00 NOTE
r-oldrel-macos-x86_64 1.10 OK
r-oldrel-windows-ix86+x86_64 1.10 33.00 81.00 114.00 OK

Check Details

Version: 1.10
Check: LazyData
Result: NOTE
     'LazyData' is specified without a 'data' directory
Flavors: r-devel-linux-x86_64-debian-clang, r-devel-linux-x86_64-debian-gcc, r-devel-linux-x86_64-fedora-clang, r-devel-linux-x86_64-fedora-gcc, r-devel-windows-x86_64, r-devel-windows-x86_64-gcc10-UCRT, r-patched-linux-x86_64, r-patched-solaris-x86, r-release-linux-x86_64, r-release-macos-arm64, r-release-macos-x86_64, r-release-windows-ix86+x86_64

Version: 1.10
Check: package dependencies
Result: NOTE
    Packages suggested but not available for checking: 'mlr', 'ParamHelpers'
Flavor: r-devel-linux-x86_64-debian-gcc

Version: 1.10
Check: package dependencies
Result: NOTE
    Package suggested but not available for checking: ‘RWeka’
Flavor: r-patched-solaris-x86