Last updated on 2022-05-22 02:49:12 CEST.
Flavor | Version | Tinstall | Tcheck | Ttotal | Status | Flags |
---|---|---|---|---|---|---|
r-devel-linux-x86_64-debian-clang | 0.1.0 | 5.62 | 62.19 | 67.81 | NOTE | |
r-devel-linux-x86_64-debian-gcc | 0.1.0 | 4.66 | 47.08 | 51.74 | NOTE | |
r-devel-linux-x86_64-fedora-clang | 0.1.0 | 81.30 | NOTE | |||
r-devel-linux-x86_64-fedora-gcc | 0.1.0 | 81.84 | NOTE | |||
r-devel-windows-x86_64 | 0.1.0 | 15.00 | 75.00 | 90.00 | NOTE | |
r-patched-linux-x86_64 | 0.1.0 | 5.97 | 58.64 | 64.61 | NOTE | |
r-release-linux-x86_64 | 0.1.0 | 6.02 | 58.80 | 64.82 | NOTE | |
r-release-macos-arm64 | 0.1.0 | 25.00 | NOTE | |||
r-release-macos-x86_64 | 0.1.0 | 48.00 | NOTE | |||
r-release-windows-x86_64 | 0.1.0 | 17.00 | 76.00 | 93.00 | NOTE | |
r-oldrel-macos-arm64 | 0.1.0 | 37.00 | NOTE | |||
r-oldrel-macos-x86_64 | 0.1.0 | 39.00 | NOTE | |||
r-oldrel-windows-ix86+x86_64 | 0.1.0 | 15.00 | 70.00 | 85.00 | NOTE |
Version: 0.1.0
Check: LazyData
Result: NOTE
'LazyData' is specified without a 'data' directory
Flavors: r-devel-linux-x86_64-debian-clang, r-devel-linux-x86_64-debian-gcc, r-devel-linux-x86_64-fedora-clang, r-devel-linux-x86_64-fedora-gcc, r-devel-windows-x86_64, r-patched-linux-x86_64, r-release-linux-x86_64, r-release-macos-arm64, r-release-macos-x86_64, r-release-windows-x86_64, r-oldrel-macos-arm64, r-oldrel-macos-x86_64, r-oldrel-windows-ix86+x86_64