CRAN Package Check Results for Package RSurveillance

Last updated on 2022-10-03 02:53:48 CEST.

Flavor Version Tinstall Tcheck Ttotal Status Flags
r-devel-linux-x86_64-debian-clang 0.2.1 3.75 49.85 53.60 OK
r-devel-linux-x86_64-debian-gcc 0.2.1 3.35 37.47 40.82 OK
r-devel-linux-x86_64-fedora-clang 0.2.1 83.53 NOTE
r-devel-linux-x86_64-fedora-gcc 0.2.1 79.32 NOTE
r-devel-windows-x86_64 0.2.1 51.00 84.00 135.00 OK
r-patched-linux-x86_64 0.2.1 4.62 46.10 50.72 OK
r-release-linux-x86_64 0.2.1 2.74 46.26 49.00 OK
r-release-macos-arm64 0.2.1 21.00 NOTE
r-release-macos-x86_64 0.2.1 32.00 NOTE
r-release-windows-x86_64 0.2.1 94.00 77.00 171.00 OK
r-oldrel-macos-arm64 0.2.1 26.00 NOTE
r-oldrel-macos-x86_64 0.2.1 39.00 NOTE
r-oldrel-windows-ix86+x86_64 0.2.1 9.00 74.00 83.00 OK

Check Details

Version: 0.2.1
Check: dependencies in R code
Result: NOTE
    Namespace in Imports field not imported from: ‘mc2d’
     All declared Imports should be used.
Flavors: r-devel-linux-x86_64-fedora-clang, r-devel-linux-x86_64-fedora-gcc, r-release-macos-arm64, r-release-macos-x86_64, r-oldrel-macos-arm64, r-oldrel-macos-x86_64