Last updated on 2023-09-26 03:13:21 CEST.
Flavor | Version | Tinstall | Tcheck | Ttotal | Status | Flags |
---|---|---|---|---|---|---|
r-devel-linux-x86_64-debian-clang | 1.1.5 | 124.50 | 113.03 | 237.53 | NOTE | |
r-devel-linux-x86_64-debian-gcc | 1.1.5 | 87.86 | 86.94 | 174.80 | NOTE | |
r-devel-linux-x86_64-fedora-clang | 1.1.5 | 363.25 | NOTE | |||
r-devel-linux-x86_64-fedora-gcc | 1.1.5 | 371.08 | NOTE | |||
r-devel-windows-x86_64 | 1.1.5 | 96.00 | 138.00 | 234.00 | NOTE | |
r-patched-linux-x86_64 | 1.1.5 | 121.73 | 110.38 | 232.11 | NOTE | |
r-release-linux-x86_64 | 1.1.5 | 121.94 | 111.42 | 233.36 | NOTE | |
r-release-macos-arm64 | 1.1.5 | 89.00 | NOTE | |||
r-release-macos-x86_64 | 1.1.5 | 166.00 | NOTE | |||
r-release-windows-x86_64 | 1.1.5 | 105.00 | 160.00 | 265.00 | NOTE | |
r-oldrel-macos-arm64 | 1.1.5 | 80.00 | NOTE | |||
r-oldrel-macos-x86_64 | 1.1.5 | 136.00 | NOTE | |||
r-oldrel-windows-x86_64 | 1.1.5 | 123.00 | 149.00 | 272.00 | NOTE |
Version: 1.1.5
Check: C++ specification
Result: NOTE
Specified C++14: please drop specification unless essential
Flavors: r-devel-linux-x86_64-debian-clang, r-devel-linux-x86_64-debian-gcc, r-devel-linux-x86_64-fedora-clang, r-devel-linux-x86_64-fedora-gcc, r-devel-windows-x86_64, r-patched-linux-x86_64, r-release-linux-x86_64, r-release-macos-arm64, r-release-macos-x86_64, r-release-windows-x86_64
Version: 1.1.5
Check: package dependencies
Result: NOTE
Package suggested but not available for checking: 'unix'
Flavors: r-devel-windows-x86_64, r-release-windows-x86_64, r-oldrel-windows-x86_64
Version: 1.1.5
Check: installed package size
Result: NOTE
installed size is 11.0Mb
sub-directories of 1Mb or more:
libs 9.1Mb
yacas 1.3Mb
Flavors: r-release-macos-arm64, r-release-macos-x86_64, r-oldrel-macos-arm64, r-oldrel-macos-x86_64