Last updated on 2025-01-18 02:48:44 CET.
Flavor | Version | Tinstall | Tcheck | Ttotal | Status | Flags |
---|---|---|---|---|---|---|
r-devel-linux-x86_64-debian-clang | 2.0.7 | 39.34 | 461.37 | 500.71 | OK | |
r-devel-linux-x86_64-debian-gcc | 2.0.7 | 26.34 | 291.35 | 317.69 | OK | |
r-devel-linux-x86_64-fedora-clang | 2.0.7 | 768.04 | OK | |||
r-devel-linux-x86_64-fedora-gcc | 2.0.7 | 758.90 | OK | |||
r-devel-windows-x86_64 | 2.0.7 | 41.00 | 370.00 | 411.00 | OK | |
r-patched-linux-x86_64 | 2.0.7 | 33.69 | 406.69 | 440.38 | NOTE | |
r-release-linux-x86_64 | 2.0.7 | 38.37 | 406.42 | 444.79 | NOTE | |
r-release-macos-arm64 | 2.0.7 | 175.00 | NOTE | |||
r-release-macos-x86_64 | 2.0.7 | 283.00 | NOTE | |||
r-release-windows-x86_64 | 2.0.7 | 39.00 | 364.00 | 403.00 | NOTE | |
r-oldrel-macos-arm64 | 2.0.7 | 175.00 | NOTE | |||
r-oldrel-macos-x86_64 | 2.0.7 | 487.00 | NOTE | |||
r-oldrel-windows-x86_64 | 2.0.7 | 49.00 | 500.00 | 549.00 | NOTE |
Version: 2.0.7
Check: package dependencies
Result: NOTE
Package suggested but not available for checking: ‘NLMR’
Flavors: r-patched-linux-x86_64, r-release-linux-x86_64, r-release-macos-arm64, r-release-macos-x86_64, r-release-windows-x86_64, r-oldrel-macos-arm64, r-oldrel-macos-x86_64, r-oldrel-windows-x86_64