Last updated on 2023-03-25 02:49:22 CET.
Flavor | Version | Tinstall | Tcheck | Ttotal | Status | Flags |
---|---|---|---|---|---|---|
r-devel-linux-x86_64-debian-clang | 0.1.0 | 10.27 | 85.20 | 95.47 | OK | |
r-devel-linux-x86_64-debian-gcc | 0.1.0 | 8.39 | 62.96 | 71.35 | OK | |
r-devel-linux-x86_64-fedora-clang | 0.1.0 | 118.46 | OK | |||
r-devel-linux-x86_64-fedora-gcc | 0.1.0 | 116.09 | OK | |||
r-devel-windows-x86_64 | 0.1.0 | 16.00 | 111.00 | 127.00 | OK | |
r-patched-linux-x86_64 | 0.1.0 | 9.58 | 83.19 | 92.77 | OK | |
r-release-linux-x86_64 | 0.1.0 | 7.68 | 83.56 | 91.24 | OK | |
r-release-macos-arm64 | 0.1.0 | 39.00 | OK | |||
r-release-macos-x86_64 | 0.1.0 | 51.00 | OK | |||
r-release-windows-x86_64 | 0.1.0 | 19.00 | 122.00 | 141.00 | OK | |
r-oldrel-macos-arm64 | 0.1.0 | 33.00 | OK | |||
r-oldrel-macos-x86_64 | 0.1.0 | 50.00 | OK | |||
r-oldrel-windows-ix86+x86_64 | 0.1.0 | 25.00 | 115.00 | 140.00 | NOTE |
Version: 0.1.0
Check: R code for possible problems
Result: NOTE
Initiating curl with CURL_SSL_BACKEND: openssl
Flavor: r-oldrel-windows-ix86+x86_64