Last updated on 2023-01-31 03:01:00 CET.
Flavor | Version | Tinstall | Tcheck | Ttotal | Status | Flags |
---|---|---|---|---|---|---|
r-devel-linux-x86_64-debian-clang | 1.1.0 | 10.81 | 177.25 | 188.06 | NOTE | |
r-devel-linux-x86_64-debian-gcc | 1.1.0 | 9.07 | 127.17 | 136.24 | NOTE | |
r-devel-linux-x86_64-fedora-clang | 1.1.0 | 221.01 | NOTE | |||
r-devel-linux-x86_64-fedora-gcc | 1.1.0 | 226.44 | NOTE | |||
r-devel-windows-x86_64 | 1.1.0 | 18.00 | 200.00 | 218.00 | NOTE | |
r-patched-linux-x86_64 | 1.1.0 | 11.02 | 163.73 | 174.75 | NOTE | |
r-release-linux-x86_64 | 1.1.0 | 9.44 | 163.35 | 172.79 | NOTE | |
r-release-macos-arm64 | 1.1.0 | 68.00 | NOTE | |||
r-release-macos-x86_64 | 1.1.0 | 149.00 | NOTE | |||
r-release-windows-x86_64 | 1.1.0 | 24.00 | 439.00 | 463.00 | NOTE | |
r-oldrel-macos-arm64 | 1.1.0 | 89.00 | NOTE | |||
r-oldrel-macos-x86_64 | 1.1.0 | 111.00 | NOTE | |||
r-oldrel-windows-ix86+x86_64 | 1.1.0 | 30.00 | 472.00 | 502.00 | NOTE |
Version: 1.1.0
Check: LazyData
Result: NOTE
'LazyData' is specified without a 'data' directory
Flavors: r-devel-linux-x86_64-debian-clang, r-devel-linux-x86_64-debian-gcc, r-devel-linux-x86_64-fedora-clang, r-devel-linux-x86_64-fedora-gcc, r-devel-windows-x86_64, r-patched-linux-x86_64, r-release-linux-x86_64, r-release-macos-arm64, r-release-macos-x86_64, r-release-windows-x86_64, r-oldrel-macos-arm64, r-oldrel-macos-x86_64, r-oldrel-windows-ix86+x86_64