CRAN Package Check Results for Package WRI

Last updated on 2024-04-20 02:50:16 CEST.

Flavor Version Tinstall Tcheck Ttotal Status Flags
r-devel-linux-x86_64-debian-clang 0.2.0 71.39 109.16 180.55 NOTE
r-devel-linux-x86_64-debian-gcc 0.2.0 NOTE
r-devel-linux-x86_64-fedora-clang 0.2.0 238.06 NOTE
r-devel-linux-x86_64-fedora-gcc 0.2.0 237.72 NOTE
r-prerel-macos-arm64 0.2.0 68.00 NOTE
r-prerel-macos-x86_64 0.2.0 110.00 OK
r-prerel-windows-x86_64 0.2.0 52.00 239.00 291.00 NOTE
r-patched-linux-x86_64 0.2.0 44.86 105.83 150.69 NOTE
r-release-linux-x86_64 0.2.0 44.97 106.00 150.97 OK
r-release-macos-arm64 0.2.0 78.00 OK
r-release-macos-x86_64 0.2.0 109.00 OK
r-release-windows-x86_64 0.2.0 62.00 139.00 201.00 OK
r-oldrel-macos-arm64 0.2.0 66.00 NOTE
r-oldrel-windows-x86_64 0.2.0 60.00 133.00 193.00 OK

Check Details

Version: 0.2.0
Check: Rd files
Result: NOTE checkRd: (-1) confidenceBands.Rd:41: Lost braces in \itemize; \value handles \item{}{} directly checkRd: (-1) confidenceBands.Rd:42: Lost braces in \itemize; \value handles \item{}{} directly checkRd: (-1) confidenceBands.Rd:43: Lost braces in \itemize; \value handles \item{}{} directly checkRd: (-1) confidenceBands.Rd:44: Lost braces in \itemize; \value handles \item{}{} directly checkRd: (-1) confidenceBands.Rd:48: Lost braces in \itemize; \value handles \item{}{} directly checkRd: (-1) confidenceBands.Rd:49: Lost braces in \itemize; \value handles \item{}{} directly checkRd: (-1) confidenceBands.Rd:50: Lost braces in \itemize; \value handles \item{}{} directly checkRd: (-1) confidenceBands.Rd:51: Lost braces in \itemize; \value handles \item{}{} directly checkRd: (-1) confidenceBands.Rd:54: Lost braces in \itemize; \value handles \item{}{} directly checkRd: (-1) confidenceBands.Rd:55: Lost braces in \itemize; \value handles \item{}{} directly checkRd: (-1) confidenceBands.Rd:56: Lost braces in \itemize; \value handles \item{}{} directly checkRd: (-1) confidenceBands.Rd:57: Lost braces in \itemize; \value handles \item{}{} directly checkRd: (-1) confidenceBands.Rd:58: Lost braces in \itemize; \value handles \item{}{} directly checkRd: (-1) globalFtest.Rd:46: Lost braces in \itemize; meant \describe ? checkRd: (-1) globalFtest.Rd:47: Lost braces in \itemize; meant \describe ? checkRd: (-1) globalFtest.Rd:48: Lost braces in \itemize; meant \describe ? checkRd: (-1) globalFtest.Rd:49: Lost braces in \itemize; meant \describe ? checkRd: (-1) globalFtest.Rd:35: Lost braces in \itemize; \value handles \item{}{} directly checkRd: (-1) globalFtest.Rd:36: Lost braces in \itemize; \value handles \item{}{} directly checkRd: (-1) globalFtest.Rd:37: Lost braces in \itemize; \value handles \item{}{} directly checkRd: (-1) globalFtest.Rd:38: Lost braces in \itemize; \value handles \item{}{} directly checkRd: (-1) partialFtest.Rd:29: Lost braces in \itemize; meant \describe ? checkRd: (-1) partialFtest.Rd:30: Lost braces in \itemize; meant \describe ? checkRd: (-1) simulate_quantile_curves.Rd:19: Lost braces; missing escapes or markup? 19 | {quan_obs} {n-by-m matrix of quantile functions} | ^ checkRd: (-1) wass_regress.Rd:38: Lost braces in \itemize; \value handles \item{}{} directly checkRd: (-1) wass_regress.Rd:39: Lost braces in \itemize; \value handles \item{}{} directly checkRd: (-1) wass_regress.Rd:40: Lost braces in \itemize; \value handles \item{}{} directly checkRd: (-1) wass_regress.Rd:41: Lost braces in \itemize; \value handles \item{}{} directly Flavors: r-devel-linux-x86_64-debian-clang, r-devel-linux-x86_64-debian-gcc, r-devel-linux-x86_64-fedora-clang, r-devel-linux-x86_64-fedora-gcc, r-prerel-macos-arm64, r-prerel-windows-x86_64, r-patched-linux-x86_64

Version: 0.2.0
Check: dependencies in R code
Result: NOTE Namespaces in Imports field not imported from: ‘fdadensity’ ‘locfit’ ‘locpol’ ‘modeest’ All declared Imports should be used. Flavors: r-devel-linux-x86_64-fedora-clang, r-devel-linux-x86_64-fedora-gcc, r-oldrel-macos-arm64