CRAN Package Check Results for Package ade4

Last updated on 2022-05-16 02:50:56 CEST.

Flavor Version Tinstall Tcheck Ttotal Status Flags
r-devel-linux-x86_64-debian-clang 1.7-19 58.40 388.71 447.11 OK
r-devel-linux-x86_64-debian-gcc 1.7-19 36.71 283.95 320.66 OK
r-devel-linux-x86_64-fedora-clang 1.7-19 519.90 NOTE
r-devel-linux-x86_64-fedora-gcc 1.7-19 510.24 NOTE
r-devel-windows-x86_64 1.7-19 171.00 477.00 648.00 NOTE
r-patched-linux-x86_64 1.7-19 51.76 369.15 420.91 OK
r-release-linux-x86_64 1.7-19 46.51 361.00 407.51 OK
r-release-macos-arm64 1.7-19 136.00 NOTE
r-release-macos-x86_64 1.7-19 191.00 NOTE
r-release-windows-x86_64 1.7-19 207.00 481.00 688.00 NOTE
r-oldrel-macos-arm64 1.7-19 115.00 NOTE
r-oldrel-macos-x86_64 1.7-19 191.00 NOTE
r-oldrel-windows-ix86+x86_64 1.7-19 90.00 681.00 771.00 NOTE

Check Details

Version: 1.7-19
Check: installed package size
Result: NOTE
     installed size is 8.0Mb
     sub-directories of 1Mb or more:
     R 1.4Mb
     data 3.0Mb
     pictures 2.1Mb
Flavors: r-devel-linux-x86_64-fedora-clang, r-devel-windows-x86_64, r-release-macos-arm64, r-release-macos-x86_64, r-release-windows-x86_64, r-oldrel-macos-arm64, r-oldrel-macos-x86_64, r-oldrel-windows-ix86+x86_64

Version: 1.7-19
Check: dependencies in R code
Result: NOTE
    Namespace in Imports field not imported from: ‘sp’
     All declared Imports should be used.
Flavors: r-devel-linux-x86_64-fedora-clang, r-devel-linux-x86_64-fedora-gcc, r-release-macos-arm64, r-release-macos-x86_64, r-oldrel-macos-arm64, r-oldrel-macos-x86_64