CRAN Package Check Results for Package ambiorix

Last updated on 2022-07-03 02:50:56 CEST.

Flavor Version Tinstall Tcheck Ttotal Status Flags
r-devel-linux-x86_64-debian-clang 2.1.0 9.17 37.60 46.77 OK
r-devel-linux-x86_64-debian-gcc 2.1.0 7.27 29.12 36.39 OK
r-devel-linux-x86_64-fedora-clang 2.1.0 68.94 NOTE
r-devel-linux-x86_64-fedora-gcc 2.1.0 68.53 NOTE
r-devel-windows-x86_64 2.1.0 41.00 66.00 107.00 OK
r-patched-linux-x86_64 2.1.0 9.95 35.74 45.69 OK
r-release-linux-x86_64 2.1.0 9.94 36.46 46.40 OK
r-release-macos-arm64 2.1.0 20.00 NOTE
r-release-macos-x86_64 2.1.0 32.00 NOTE
r-release-windows-x86_64 2.1.0 46.00 66.00 112.00 OK
r-oldrel-macos-arm64 2.1.0 23.00 NOTE
r-oldrel-macos-x86_64 2.1.0 31.00 NOTE
r-oldrel-windows-ix86+x86_64 2.1.0 17.00 58.00 75.00 OK

Check Details

Version: 2.1.0
Check: dependencies in R code
Result: NOTE
    Namespaces in Imports field not imported from:
     ‘promises’ ‘websocket’
     All declared Imports should be used.
Flavors: r-devel-linux-x86_64-fedora-clang, r-devel-linux-x86_64-fedora-gcc, r-release-macos-arm64, r-release-macos-x86_64, r-oldrel-macos-arm64, r-oldrel-macos-x86_64