CRAN Package Check Results for Package angstroms

Last updated on 2021-04-24 02:47:49 CEST.

Flavor Version Tinstall Tcheck Ttotal Status Flags
r-devel-linux-x86_64-debian-clang 0.0.1 11.61 108.96 120.57 OK
r-devel-linux-x86_64-debian-gcc 0.0.1 9.73 84.57 94.30 OK
r-devel-linux-x86_64-fedora-clang 0.0.1 154.41 OK
r-devel-linux-x86_64-fedora-gcc 0.0.1 142.04 OK
r-devel-windows-ix86+x86_64 0.0.1 27.00 134.00 161.00 OK
r-devel-windows-x86_64-gcc10-UCRT 0.0.1 OK
r-patched-linux-x86_64 0.0.1 11.13 105.58 116.71 WARN
r-patched-solaris-x86 0.0.1 200.30 OK
r-release-linux-x86_64 0.0.1 10.94 101.37 112.31 OK
r-release-macos-x86_64 0.0.1 OK
r-release-windows-ix86+x86_64 0.0.1 28.00 251.00 279.00 OK
r-oldrel-macos-x86_64 0.0.1 OK
r-oldrel-windows-ix86+x86_64 0.0.1 29.00 125.00 154.00 OK

Check Details

Version: 0.0.1
Check: whether package can be installed
Result: WARN
    Found the following significant warnings:
     Rd warning: Previous alias or file overwritten by alias: angstroms-package
     Rd warning: Previous alias or file overwritten by alias: romsdata
Flavor: r-patched-linux-x86_64