Last updated on 2022-08-08 02:52:52 CEST.
Flavor | Version | Tinstall | Tcheck | Ttotal | Status | Flags |
---|---|---|---|---|---|---|
r-devel-linux-x86_64-debian-clang | 0.1.4.3 | 7.88 | 158.70 | 166.58 | OK | |
r-devel-linux-x86_64-debian-gcc | 0.1.4.3 | 5.81 | 113.17 | 118.98 | OK | |
r-devel-linux-x86_64-fedora-clang | 0.1.4.3 | 200.55 | NOTE | |||
r-devel-linux-x86_64-fedora-gcc | 0.1.4.3 | 196.54 | OK | |||
r-devel-windows-x86_64 | 0.1.4.3 | 31.00 | 185.00 | 216.00 | OK | |
r-patched-linux-x86_64 | 0.1.4.3 | 7.95 | 144.53 | 152.48 | OK | |
r-release-linux-x86_64 | 0.1.4.3 | 5.59 | 143.19 | 148.78 | OK | |
r-release-macos-arm64 | 0.1.4.3 | 69.00 | NOTE | |||
r-release-macos-x86_64 | 0.1.4.3 | 76.00 | OK | |||
r-release-windows-x86_64 | 0.1.4.3 | 27.00 | 195.00 | 222.00 | OK | |
r-oldrel-macos-arm64 | 0.1.4.3 | 82.00 | NOTE | |||
r-oldrel-macos-x86_64 | 0.1.4.3 | 116.00 | OK | |||
r-oldrel-windows-ix86+x86_64 | 0.1.4.3 | 25.00 | 270.00 | 295.00 | OK |
Version: 0.1.4.3
Check: Rd cross-references
Result: NOTE
Undeclared packages ‘InvariantCausalPrediction’, ‘CompareCausalNetworks’ in Rd xrefs
Flavor: r-devel-linux-x86_64-fedora-clang
Version: 0.1.4.3
Check: package dependencies
Result: NOTE
Package suggested but not available for checking: ‘pcalg’
Flavors: r-release-macos-arm64, r-oldrel-macos-arm64
Version: 0.1.4.3
Check: Rd cross-references
Result: NOTE
Package unavailable to check Rd xrefs: ‘pcalg’
Flavors: r-release-macos-arm64, r-oldrel-macos-arm64