Last updated on 2023-06-04 02:54:17 CEST.
Flavor | Version | Tinstall | Tcheck | Ttotal | Status | Flags |
---|---|---|---|---|---|---|
r-devel-linux-x86_64-debian-clang | 0.6-1 | 85.46 | 106.68 | 192.14 | OK | |
r-devel-linux-x86_64-debian-gcc | 0.6-1 | 66.66 | 90.11 | 156.77 | OK | |
r-devel-linux-x86_64-fedora-clang | 0.6-1 | 273.03 | OK | |||
r-devel-linux-x86_64-fedora-gcc | 0.6-1 | 281.93 | OK | |||
r-devel-windows-x86_64 | 0.6-1 | 64.00 | 148.00 | 212.00 | OK | |
r-patched-linux-x86_64 | 0.6-1 | 71.99 | 110.59 | 182.58 | OK | |
r-release-linux-x86_64 | 0.6-1 | 64.04 | 109.16 | 173.20 | OK | |
r-release-macos-arm64 | 0.6-1 | 90.00 | NOTE | |||
r-release-macos-x86_64 | 0.6-1 | 150.00 | NOTE | |||
r-release-windows-x86_64 | 0.6-1 | 84.00 | 172.00 | 256.00 | OK | |
r-oldrel-macos-arm64 | 0.6-1 | 78.00 | NOTE | |||
r-oldrel-macos-x86_64 | 0.6-1 | 90.00 | NOTE | |||
r-oldrel-windows-x86_64 | 0.6-1 | 81.00 | 163.00 | 244.00 | OK |
Version: 0.6-1
Check: installed package size
Result: NOTE
installed size is 8.0Mb
sub-directories of 1Mb or more:
data 2.7Mb
libs 4.5Mb
Flavors: r-release-macos-arm64, r-release-macos-x86_64, r-oldrel-macos-arm64, r-oldrel-macos-x86_64
Version: 0.6-1
Check: package dependencies
Result: NOTE
Package suggested but not available for checking: ‘PottsUtils’
Flavor: r-oldrel-macos-x86_64