Last updated on 2023-06-04 02:54:17 CEST.
Flavor | Version | Tinstall | Tcheck | Ttotal | Status | Flags |
---|---|---|---|---|---|---|
r-devel-linux-x86_64-debian-clang | 7.3-2 | 18.45 | 125.11 | 143.56 | OK | |
r-devel-linux-x86_64-debian-gcc | 7.3-2 | 15.81 | 92.03 | 107.84 | OK | |
r-devel-linux-x86_64-fedora-clang | 7.3-2 | 192.36 | NOTE | |||
r-devel-linux-x86_64-fedora-gcc | 7.3-2 | 177.42 | OK | |||
r-devel-windows-x86_64 | 7.3-2 | 22.00 | 109.00 | 131.00 | OK | |
r-patched-linux-x86_64 | 7.3-2 | 22.42 | 116.27 | 138.69 | OK | |
r-release-linux-x86_64 | 7.3-2 | 19.17 | 118.47 | 137.64 | OK | |
r-release-macos-arm64 | 7.3-2 | 47.00 | NOTE | |||
r-release-macos-x86_64 | 7.3-2 | 81.00 | NOTE | |||
r-release-windows-x86_64 | 7.3-2 | 30.00 | 129.00 | 159.00 | OK | |
r-oldrel-macos-arm64 | 7.3-2 | 51.00 | NOTE | |||
r-oldrel-macos-x86_64 | 7.3-2 | 62.00 | NOTE | |||
r-oldrel-windows-x86_64 | 7.3-2 | 28.00 | 131.00 | 159.00 | OK |
Version: 7.3-2
Check: installed package size
Result: NOTE
installed size is 5.8Mb
sub-directories of 1Mb or more:
ex-data 4.7Mb
Flavors: r-devel-linux-x86_64-fedora-clang, r-release-macos-arm64, r-release-macos-x86_64, r-oldrel-macos-arm64, r-oldrel-macos-x86_64
Version: 7.3-2
Check: package dependencies
Result: NOTE
Packages suggested but not available for checking:
'rworldmap', 'rgdal', 'sf'
Flavor: r-release-macos-x86_64
Version: 7.3-2
Check: Rd cross-references
Result: NOTE
Package unavailable to check Rd xrefs: ‘rworldmap’
Flavor: r-release-macos-x86_64