Last updated on 2023-05-28 02:55:44 CEST.
Flavor | Version | Tinstall | Tcheck | Ttotal | Status | Flags |
---|---|---|---|---|---|---|
r-devel-linux-x86_64-debian-clang | 0.8.5 | 15.77 | 94.15 | 109.92 | OK | |
r-devel-linux-x86_64-debian-gcc | 0.8.5 | 11.45 | 68.98 | 80.43 | OK | |
r-devel-linux-x86_64-fedora-clang | 0.8.5 | 135.07 | NOTE | |||
r-devel-linux-x86_64-fedora-gcc | 0.8.5 | 127.84 | NOTE | |||
r-devel-windows-x86_64 | 0.8.5 | 14.00 | 83.00 | 97.00 | OK | |
r-patched-linux-x86_64 | 0.8.5 | 18.76 | 84.91 | 103.67 | OK | |
r-release-linux-x86_64 | 0.8.5 | 9.06 | 85.87 | 94.93 | OK | |
r-release-macos-arm64 | 0.8.5 | 41.00 | OK | |||
r-release-macos-x86_64 | 0.8.5 | 67.00 | OK | |||
r-release-windows-x86_64 | 0.8.5 | 17.00 | 102.00 | 119.00 | OK | |
r-oldrel-macos-arm64 | 0.8.5 | 40.00 | NOTE | |||
r-oldrel-macos-x86_64 | 0.8.5 | 73.00 | NOTE | |||
r-oldrel-windows-x86_64 | 0.8.5 | 21.00 | 108.00 | 129.00 | OK |
Version: 0.8.5
Check: dependencies in R code
Result: NOTE
Namespace in Imports field not imported from: ‘dplyr’
All declared Imports should be used.
Flavors: r-devel-linux-x86_64-fedora-clang, r-devel-linux-x86_64-fedora-gcc, r-oldrel-macos-arm64, r-oldrel-macos-x86_64