CRAN Package Check Results for Package bigtime

Last updated on 2021-04-24 02:47:50 CEST.

Flavor Version Tinstall Tcheck Ttotal Status Flags
r-devel-linux-x86_64-debian-clang 0.1.0 44.41 59.49 103.90 OK
r-devel-linux-x86_64-debian-gcc 0.1.0 27.15 44.64 71.79 OK
r-devel-linux-x86_64-fedora-clang 0.1.0 136.63 NOTE
r-devel-linux-x86_64-fedora-gcc 0.1.0 121.02 NOTE
r-devel-windows-ix86+x86_64 0.1.0 93.00 129.00 222.00 OK
r-devel-windows-x86_64-gcc10-UCRT 0.1.0 NOTE
r-patched-linux-x86_64 0.1.0 33.72 56.53 90.25 OK
r-patched-solaris-x86 0.1.0 140.20 NOTE
r-release-linux-x86_64 0.1.0 37.51 54.83 92.34 OK
r-release-macos-x86_64 0.1.0 NOTE
r-release-windows-ix86+x86_64 0.1.0 95.00 126.00 221.00 OK
r-oldrel-macos-x86_64 0.1.0 NOTE
r-oldrel-windows-ix86+x86_64 0.1.0 69.00 117.00 186.00 OK

Check Details

Version: 0.1.0
Check: dependencies in R code
Result: NOTE
    Namespaces in Imports field not imported from:
     ‘MASS’ ‘lattice’ ‘zoo’
     All declared Imports should be used.
Flavors: r-devel-linux-x86_64-fedora-clang, r-devel-linux-x86_64-fedora-gcc, r-devel-windows-x86_64-gcc10-UCRT, r-patched-solaris-x86, r-release-macos-x86_64, r-oldrel-macos-x86_64