Last updated on 2022-07-04 02:53:27 CEST.
Flavor | Version | Tinstall | Tcheck | Ttotal | Status | Flags |
---|---|---|---|---|---|---|
r-devel-linux-x86_64-debian-clang | 0.3-61 | 10.62 | 81.64 | 92.26 | OK | |
r-devel-linux-x86_64-debian-gcc | 0.3-61 | 8.16 | 60.90 | 69.06 | OK | |
r-devel-linux-x86_64-fedora-clang | 0.3-61 | 120.75 | NOTE | |||
r-devel-linux-x86_64-fedora-gcc | 0.3-61 | 119.39 | OK | |||
r-devel-windows-x86_64 | 0.3-61 | 66.00 | 137.00 | 203.00 | OK | |
r-patched-linux-x86_64 | 0.3-61 | 12.57 | 75.25 | 87.82 | OK | |
r-release-linux-x86_64 | 0.3-61 | 8.65 | 75.79 | 84.44 | OK | |
r-release-macos-arm64 | 0.3-61 | 53.00 | OK | |||
r-release-macos-x86_64 | 0.3-61 | 61.00 | OK | |||
r-release-windows-x86_64 | 0.3-61 | 76.00 | 138.00 | 214.00 | OK | |
r-oldrel-macos-arm64 | 0.3-61 | 45.00 | OK | |||
r-oldrel-macos-x86_64 | 0.3-61 | 59.00 | OK | |||
r-oldrel-windows-ix86+x86_64 | 0.3-61 | 25.00 | 127.00 | 152.00 | OK |
Version: 0.3-61
Check: Rd cross-references
Result: NOTE
Undeclared packages ‘mlbench’, ‘fpc’ in Rd xrefs
Flavor: r-devel-linux-x86_64-fedora-clang