Last updated on 2025-01-18 02:48:25 CET.
Flavor | Version | Tinstall | Tcheck | Ttotal | Status | Flags |
---|---|---|---|---|---|---|
r-devel-linux-x86_64-debian-clang | 1.3 | 64.70 | 385.98 | 450.68 | OK | |
r-devel-linux-x86_64-debian-gcc | 1.3 | 44.54 | 265.20 | 309.74 | OK | |
r-devel-linux-x86_64-fedora-clang | 1.3 | 764.25 | OK | |||
r-devel-linux-x86_64-fedora-gcc | 1.3 | 773.71 | OK | |||
r-devel-windows-x86_64 | 1.3 | 65.00 | 334.00 | 399.00 | OK | |
r-patched-linux-x86_64 | 1.3 | 59.58 | 379.41 | 438.99 | OK | |
r-release-linux-x86_64 | 1.3 | 59.08 | 388.26 | 447.34 | OK | |
r-release-macos-arm64 | 1.3 | 141.00 | NOTE | |||
r-release-macos-x86_64 | 1.3 | 269.00 | NOTE | |||
r-release-windows-x86_64 | 1.3 | 66.00 | 338.00 | 404.00 | OK | |
r-oldrel-macos-arm64 | 1.3 | 153.00 | NOTE | |||
r-oldrel-macos-x86_64 | 1.3 | 293.00 | NOTE | |||
r-oldrel-windows-x86_64 | 1.3 | 72.00 | 429.00 | 501.00 | OK |
Version: 1.3
Check: installed package size
Result: NOTE
installed size is 5.0Mb
sub-directories of 1Mb or more:
libs 4.3Mb
Flavors: r-release-macos-arm64, r-release-macos-x86_64, r-oldrel-macos-arm64, r-oldrel-macos-x86_64