CRAN Package Check Results for Package colordistance

Last updated on 2022-08-08 02:54:48 CEST.

Flavor Version Tinstall Tcheck Ttotal Status Flags
r-devel-linux-x86_64-debian-clang 1.1.2 4.71 125.60 130.31 NOTE
r-devel-linux-x86_64-debian-gcc 1.1.2 3.68 95.11 98.79 NOTE
r-devel-linux-x86_64-fedora-clang 1.1.2 162.76 NOTE
r-devel-linux-x86_64-fedora-gcc 1.1.2 163.59 NOTE
r-devel-windows-x86_64 1.1.2 60.00 199.00 259.00 NOTE
r-patched-linux-x86_64 1.1.2 5.49 120.51 126.00 NOTE
r-release-linux-x86_64 1.1.2 4.03 119.88 123.91 NOTE
r-release-macos-arm64 1.1.2 59.00 NOTE
r-release-macos-x86_64 1.1.2 92.00 NOTE
r-release-windows-x86_64 1.1.2 75.00 293.00 368.00 NOTE
r-oldrel-macos-arm64 1.1.2 65.00 NOTE
r-oldrel-macos-x86_64 1.1.2 103.00 NOTE
r-oldrel-windows-ix86+x86_64 1.1.2 11.00 172.00 183.00 NOTE

Check Details

Version: 1.1.2
Check: LazyData
Result: NOTE
     'LazyData' is specified without a 'data' directory
Flavors: r-devel-linux-x86_64-debian-clang, r-devel-linux-x86_64-debian-gcc, r-devel-linux-x86_64-fedora-clang, r-devel-linux-x86_64-fedora-gcc, r-devel-windows-x86_64, r-patched-linux-x86_64, r-release-linux-x86_64, r-release-macos-arm64, r-release-macos-x86_64, r-release-windows-x86_64, r-oldrel-macos-arm64, r-oldrel-macos-x86_64, r-oldrel-windows-ix86+x86_64

Version: 1.1.2
Check: dependencies in R code
Result: NOTE
    Namespaces in Imports field not imported from:
     ‘magrittr’ ‘qpdf’
     All declared Imports should be used.
Flavors: r-devel-linux-x86_64-fedora-clang, r-devel-linux-x86_64-fedora-gcc, r-release-macos-arm64, r-release-macos-x86_64, r-oldrel-macos-arm64, r-oldrel-macos-x86_64