CRAN Package Check Results for Package conformalClassification

Last updated on 2024-06-18 02:58:04 CEST.

Flavor Version Tinstall Tcheck Ttotal Status Flags
r-devel-linux-x86_64-debian-clang 1.0.0 2.76 31.14 33.90 NOTE
r-devel-linux-x86_64-debian-gcc 1.0.0 2.00 23.09 25.09 NOTE
r-devel-linux-x86_64-fedora-clang 1.0.0 41.74 NOTE
r-devel-linux-x86_64-fedora-gcc 1.0.0 42.22 NOTE
r-devel-windows-x86_64 1.0.0 3.00 47.00 50.00 NOTE
r-patched-linux-x86_64 1.0.0 2.44 29.32 31.76 NOTE
r-release-linux-x86_64 1.0.0 2.35 29.71 32.06 NOTE
r-release-macos-arm64 1.0.0 18.00 NOTE
r-release-macos-x86_64 1.0.0 27.00 NOTE
r-release-windows-x86_64 1.0.0 3.00 47.00 50.00 NOTE
r-oldrel-macos-arm64 1.0.0 21.00 NOTE
r-oldrel-macos-x86_64 1.0.0 26.00 NOTE
r-oldrel-windows-x86_64 1.0.0 4.00 47.00 51.00 NOTE

Check Details

Version: 1.0.0
Check: LazyData
Result: NOTE 'LazyData' is specified without a 'data' directory Flavors: r-devel-linux-x86_64-debian-clang, r-devel-linux-x86_64-debian-gcc, r-devel-linux-x86_64-fedora-clang, r-devel-linux-x86_64-fedora-gcc, r-devel-windows-x86_64, r-patched-linux-x86_64, r-release-linux-x86_64, r-release-macos-arm64, r-release-macos-x86_64, r-release-windows-x86_64, r-oldrel-macos-arm64, r-oldrel-macos-x86_64, r-oldrel-windows-x86_64