CRAN Package Check Results for Package corrplot

Last updated on 2021-04-21 02:47:07 CEST.

Flavor Version Tinstall Tcheck Ttotal Status Flags
r-devel-linux-x86_64-debian-clang 0.84 3.31 42.83 46.14 OK
r-devel-linux-x86_64-debian-gcc 0.84 2.59 33.09 35.68 OK
r-devel-linux-x86_64-fedora-clang 0.84 66.14 NOTE
r-devel-linux-x86_64-fedora-gcc 0.84 62.01 OK
r-devel-windows-ix86+x86_64 0.84 8.00 48.00 56.00 NOTE
r-devel-windows-x86_64-gcc10-UCRT 0.84 OK
r-patched-linux-x86_64 0.84 3.62 41.48 45.10 OK
r-patched-solaris-x86 0.84 83.30 NOTE
r-release-linux-x86_64 0.84 3.20 40.85 44.05 OK
r-release-macos-x86_64 0.84 NOTE
r-release-windows-ix86+x86_64 0.84 8.00 58.00 66.00 NOTE
r-oldrel-macos-x86_64 0.84 NOTE
r-oldrel-windows-ix86+x86_64 0.84 5.00 60.00 65.00 NOTE

Check Details

Version: 0.84
Check: installed package size
Result: NOTE
     installed size is 7.0Mb
     sub-directories of 1Mb or more:
     doc 6.9Mb
Flavors: r-devel-linux-x86_64-fedora-clang, r-devel-windows-ix86+x86_64, r-patched-solaris-x86, r-release-macos-x86_64, r-release-windows-ix86+x86_64, r-oldrel-macos-x86_64, r-oldrel-windows-ix86+x86_64