CRAN Package Check Results for Package cropZoning

Last updated on 2021-10-26 02:56:26 CEST.

Flavor Version Tinstall Tcheck Ttotal Status Flags
r-devel-linux-x86_64-debian-clang 1.0.1 24.31 223.73 248.04 NOTE
r-devel-linux-x86_64-debian-gcc 1.0.1 19.08 163.55 182.63 NOTE
r-devel-linux-x86_64-fedora-clang 1.0.1 303.15 NOTE
r-devel-linux-x86_64-fedora-gcc 1.0.1 288.12 NOTE
r-devel-windows-x86_64 1.0.1 38.00 245.00 283.00 NOTE
r-devel-windows-x86_64-gcc10-UCRT 1.0.1 NOTE
r-patched-linux-x86_64 1.0.1 23.19 214.16 237.35 NOTE
r-patched-solaris-x86 1.0.1 189.50 NOTE
r-release-linux-x86_64 1.0.1 18.71 210.33 229.04 NOTE
r-release-macos-arm64 1.0.1 NOTE
r-release-macos-x86_64 1.0.1 NOTE
r-release-windows-ix86+x86_64 1.0.1 45.00 244.00 289.00 NOTE
r-oldrel-macos-x86_64 1.0.1 OK
r-oldrel-windows-ix86+x86_64 1.0.1 27.00 113.00 140.00 OK

Check Details

Version: 1.0.1
Check: LazyData
Result: NOTE
     'LazyData' is specified without a 'data' directory
Flavors: r-devel-linux-x86_64-debian-clang, r-devel-linux-x86_64-debian-gcc, r-devel-linux-x86_64-fedora-clang, r-devel-linux-x86_64-fedora-gcc, r-devel-windows-x86_64, r-devel-windows-x86_64-gcc10-UCRT, r-patched-linux-x86_64, r-patched-solaris-x86, r-release-linux-x86_64, r-release-macos-arm64, r-release-macos-x86_64, r-release-windows-ix86+x86_64