CRAN Package Check Results for Package crossword.r

Last updated on 2021-04-24 02:47:53 CEST.

Flavor Version Tinstall Tcheck Ttotal Status Flags
r-devel-linux-x86_64-debian-clang 0.3.6 2.40 24.88 27.28 NOTE
r-devel-linux-x86_64-debian-gcc 0.3.6 2.43 19.99 22.42 NOTE
r-devel-linux-x86_64-fedora-clang 0.3.6 45.22 NOTE
r-devel-linux-x86_64-fedora-gcc 0.3.6 34.11 NOTE
r-devel-windows-ix86+x86_64 0.3.6 7.00 41.00 48.00 NOTE
r-devel-windows-x86_64-gcc10-UCRT 0.3.6 NOTE
r-patched-linux-x86_64 0.3.6 7.27 24.14 31.41 NOTE
r-patched-solaris-x86 0.3.6 51.20 NOTE
r-release-linux-x86_64 0.3.6 3.30 24.42 27.72 OK
r-release-macos-x86_64 0.3.6 NOTE
r-release-windows-ix86+x86_64 0.3.6 6.00 44.00 50.00 OK
r-oldrel-macos-x86_64 0.3.6 NOTE
r-oldrel-windows-ix86+x86_64 0.3.6 18.00 43.00 61.00 OK

Check Details

Version: 0.3.6
Check: LazyData
Result: NOTE
     'LazyData' is specified without a 'data' directory
Flavors: r-devel-linux-x86_64-debian-clang, r-devel-linux-x86_64-debian-gcc, r-devel-linux-x86_64-fedora-clang, r-devel-linux-x86_64-fedora-gcc, r-devel-windows-ix86+x86_64, r-devel-windows-x86_64-gcc10-UCRT, r-patched-linux-x86_64

Version: 0.3.6
Check: dependencies in R code
Result: NOTE
    Namespaces in Imports field not imported from:
     ‘R6’ ‘dplyr’ ‘r6extended’
     All declared Imports should be used.
Flavors: r-devel-linux-x86_64-fedora-clang, r-devel-linux-x86_64-fedora-gcc, r-devel-windows-x86_64-gcc10-UCRT, r-patched-solaris-x86, r-release-macos-x86_64, r-oldrel-macos-x86_64