Last updated on 2023-12-10 02:49:25 CET.
Flavor | Version | Tinstall | Tcheck | Ttotal | Status | Flags |
---|---|---|---|---|---|---|
r-devel-linux-x86_64-debian-clang | 5.1 | 21.36 | 152.00 | 173.36 | NOTE | |
r-devel-linux-x86_64-debian-gcc | 5.1 | 18.17 | 114.88 | 133.05 | NOTE | |
r-devel-linux-x86_64-fedora-clang | 5.1 | 217.00 | OK | |||
r-devel-linux-x86_64-fedora-gcc | 5.1 | 209.12 | OK | |||
r-devel-windows-x86_64 | 5.1 | 18.00 | 134.00 | 152.00 | OK | |
r-patched-linux-x86_64 | 5.1 | 30.46 | 151.44 | 181.90 | OK | |
r-release-linux-x86_64 | 5.1 | 14.91 | 148.72 | 163.63 | OK | |
r-release-macos-arm64 | 5.1 | 66.00 | OK | |||
r-release-macos-x86_64 | 5.1 | 98.00 | OK | |||
r-release-windows-x86_64 | 5.1 | 25.00 | 166.00 | 191.00 | OK | |
r-oldrel-macos-arm64 | 5.1 | 50.00 | OK | |||
r-oldrel-macos-x86_64 | 5.1 | 87.00 | OK | |||
r-oldrel-windows-x86_64 | 5.1 | 26.00 | 159.00 | 185.00 | OK |
Version: 5.1
Check: Rd files
Result: NOTE
checkRd: (-1) difTID.Rd:185: Lost braces
185 | \code{\link[deltaPlotR]{deltaPlot}}, code{\link[deltaPlotR]{diagPlot}}, \code{\link{dichoDif}}
| ^
Flavors: r-devel-linux-x86_64-debian-clang, r-devel-linux-x86_64-debian-gcc