Last updated on 2022-05-22 02:49:01 CEST.
Flavor | Version | Tinstall | Tcheck | Ttotal | Status | Flags |
---|---|---|---|---|---|---|
r-devel-linux-x86_64-debian-clang | 1.0.0 | 6.21 | 87.06 | 93.27 | NOTE | |
r-devel-linux-x86_64-debian-gcc | 1.0.0 | 3.36 | 65.01 | 68.37 | NOTE | |
r-devel-linux-x86_64-fedora-clang | 1.0.0 | 110.82 | NOTE | |||
r-devel-linux-x86_64-fedora-gcc | 1.0.0 | 106.32 | NOTE | |||
r-devel-windows-x86_64 | 1.0.0 | 24.00 | 135.00 | 159.00 | NOTE | |
r-patched-linux-x86_64 | 1.0.0 | 5.54 | 84.33 | 89.87 | NOTE | |
r-release-linux-x86_64 | 1.0.0 | 5.26 | 82.81 | 88.07 | NOTE | |
r-release-macos-arm64 | 1.0.0 | 52.00 | NOTE | |||
r-release-macos-x86_64 | 1.0.0 | 51.00 | NOTE | |||
r-release-windows-x86_64 | 1.0.0 | 20.00 | 141.00 | 161.00 | NOTE | |
r-oldrel-macos-arm64 | 1.0.0 | 38.00 | NOTE | |||
r-oldrel-macos-x86_64 | 1.0.0 | 55.00 | NOTE | |||
r-oldrel-windows-ix86+x86_64 | 1.0.0 | 10.00 | 140.00 | 150.00 | NOTE |
Version: 1.0.0
Check: LazyData
Result: NOTE
'LazyData' is specified without a 'data' directory
Flavors: r-devel-linux-x86_64-debian-clang, r-devel-linux-x86_64-debian-gcc, r-devel-linux-x86_64-fedora-clang, r-devel-linux-x86_64-fedora-gcc, r-devel-windows-x86_64, r-patched-linux-x86_64, r-release-linux-x86_64, r-release-macos-arm64, r-release-macos-x86_64, r-release-windows-x86_64, r-oldrel-macos-arm64, r-oldrel-macos-x86_64, r-oldrel-windows-ix86+x86_64