CRAN Package Check Results for Package eaf

Last updated on 2023-01-31 03:00:41 CET.

Flavor Version Tinstall Tcheck Ttotal Status Flags
r-devel-linux-x86_64-debian-clang 2.4 20.21 97.56 117.77 NOTE
r-devel-linux-x86_64-debian-gcc 2.4 17.20 75.94 93.14 NOTE
r-devel-linux-x86_64-fedora-clang 2.4 148.46 NOTE
r-devel-linux-x86_64-fedora-gcc 2.4 148.87 NOTE
r-devel-windows-x86_64 2.4 119.00 141.00 260.00 NOTE
r-patched-linux-x86_64 2.4 17.55 93.13 110.68 NOTE
r-release-linux-x86_64 2.4 18.18 91.52 109.70 NOTE
r-release-macos-arm64 2.4 55.00 NOTE
r-release-macos-x86_64 2.4 70.00 NOTE
r-release-windows-x86_64 2.4 98.00 138.00 236.00 NOTE
r-oldrel-macos-arm64 2.4 56.00 NOTE
r-oldrel-macos-x86_64 2.4 75.00 NOTE
r-oldrel-windows-ix86+x86_64 2.4 120.00 218.00 338.00 WARN

Check Details

Version: 2.4
Check: for GNU extensions in Makefiles
Result: NOTE
    GNU make is a SystemRequirements.
Flavors: r-devel-linux-x86_64-debian-clang, r-devel-linux-x86_64-debian-gcc, r-devel-linux-x86_64-fedora-clang, r-devel-linux-x86_64-fedora-gcc, r-devel-windows-x86_64, r-patched-linux-x86_64, r-release-linux-x86_64, r-release-macos-arm64, r-release-macos-x86_64, r-release-windows-x86_64, r-oldrel-macos-arm64, r-oldrel-macos-x86_64, r-oldrel-windows-ix86+x86_64

Version: 2.4
Check: installed package size
Result: NOTE
     installed size is 5.9Mb
     sub-directories of 1Mb or more:
     bin 3.0Mb
     extdata 1.7Mb
Flavors: r-devel-windows-x86_64, r-release-windows-x86_64, r-oldrel-windows-ix86+x86_64

Version: 2.4
Check: compiled code
Result: NOTE
    File ‘eaf/libs/eaf.so’:
     Found ‘___stderrp’, possibly from ‘stderr’ (C)
     Objects: ‘eaf/io.o’, ‘mo-tools/hv.o’
     Found ‘___stdoutp’, possibly from ‘stdout’ (C)
     Object: ‘eaf/io.o’
    
    Compiled code should not call entry points which might terminate R nor
    write to stdout/stderr instead of to the console, nor use Fortran I/O
    nor system RNGs.
    
    See ‘Writing portable packages’ in the ‘Writing R Extensions’ manual.
Flavors: r-release-macos-arm64, r-release-macos-x86_64, r-oldrel-macos-arm64, r-oldrel-macos-x86_64

Version: 2.4
Check: whether package can be installed
Result: WARN
    Found the following significant warnings:
     whv.c:62:18: warning: too many arguments for format [-Wformat-extra-args]
Flavor: r-oldrel-windows-ix86+x86_64