Last updated on 2023-01-31 03:00:41 CET.
Flavor | Version | Tinstall | Tcheck | Ttotal | Status | Flags |
---|---|---|---|---|---|---|
r-devel-linux-x86_64-debian-clang | 1.3.12 | 8.45 | 100.31 | 108.76 | OK | |
r-devel-linux-x86_64-debian-gcc | 1.3.12 | 8.63 | 76.04 | 84.67 | OK | |
r-devel-linux-x86_64-fedora-clang | 1.3.12 | 139.45 | NOTE | |||
r-devel-linux-x86_64-fedora-gcc | 1.3.12 | 137.47 | OK | |||
r-devel-windows-x86_64 | 1.3.12 | 16.00 | 137.00 | 153.00 | OK | |
r-patched-linux-x86_64 | 1.3.12 | 13.89 | 96.32 | 110.21 | OK | |
r-release-linux-x86_64 | 1.3.12 | 9.02 | 97.30 | 106.32 | OK | |
r-release-macos-arm64 | 1.3.12 | 35.00 | OK | |||
r-release-macos-x86_64 | 1.3.12 | 55.00 | NOTE | |||
r-release-windows-x86_64 | 1.3.12 | 37.00 | 142.00 | 179.00 | OK | |
r-oldrel-macos-arm64 | 1.3.12 | 46.00 | NOTE | |||
r-oldrel-macos-x86_64 | 1.3.12 | 78.00 | OK | |||
r-oldrel-windows-ix86+x86_64 | 1.3.12 | 23.00 | 119.00 | 142.00 | OK |
Version: 1.3.12
Check: Rd cross-references
Result: NOTE
Undeclared package ‘mvtnorm’ in Rd xrefs
Flavor: r-devel-linux-x86_64-fedora-clang
Version: 1.3.12
Check: package dependencies
Result: NOTE
Package suggested but not available for checking: ‘R2jags’
Flavors: r-release-macos-x86_64, r-oldrel-macos-arm64