Last updated on 2022-07-03 02:51:02 CEST.
Flavor | Version | Tinstall | Tcheck | Ttotal | Status | Flags |
---|---|---|---|---|---|---|
r-devel-linux-x86_64-debian-clang | 0.6.0 | 62.26 | 143.65 | 205.91 | OK | |
r-devel-linux-x86_64-debian-gcc | 0.6.0 | 55.69 | 104.86 | 160.55 | OK | |
r-devel-linux-x86_64-fedora-clang | 0.6.0 | 280.38 | WARN | |||
r-devel-linux-x86_64-fedora-gcc | 0.6.0 | 267.61 | WARN | |||
r-devel-windows-x86_64 | 0.6.0 | 75.00 | 181.00 | 256.00 | NOTE | |
r-patched-linux-x86_64 | 0.6.0 | 49.26 | 131.63 | 180.89 | OK | |
r-release-linux-x86_64 | 0.6.0 | 43.43 | 134.54 | 177.97 | OK | |
r-release-macos-arm64 | 0.6.0 | 71.00 | NOTE | |||
r-release-macos-x86_64 | 0.6.0 | 134.00 | NOTE | |||
r-release-windows-x86_64 | 0.6.0 | 85.00 | 181.00 | 266.00 | NOTE | |
r-oldrel-macos-arm64 | 0.6.0 | 79.00 | NOTE | |||
r-oldrel-macos-x86_64 | 0.6.0 | 117.00 | NOTE | |||
r-oldrel-windows-ix86+x86_64 | 0.6.0 | 155.00 | 214.00 | 369.00 | NOTE |
Version: 0.6.0
Check: package dependencies
Result: WARN
Requires orphaned package: ‘gtools’
Flavors: r-devel-linux-x86_64-fedora-clang, r-devel-linux-x86_64-fedora-gcc
Version: 0.6.0
Check: installed package size
Result: NOTE
installed size is 6.9Mb
sub-directories of 1Mb or more:
data 4.8Mb
libs 1.7Mb
Flavors: r-devel-linux-x86_64-fedora-clang, r-devel-windows-x86_64, r-release-macos-arm64, r-release-macos-x86_64, r-release-windows-x86_64, r-oldrel-macos-arm64, r-oldrel-macos-x86_64, r-oldrel-windows-ix86+x86_64