CRAN Package Check Results for Package fdcov

Last updated on 2021-04-24 02:47:56 CEST.

Flavor Version Tinstall Tcheck Ttotal Status Flags
r-devel-linux-x86_64-debian-clang 1.1.0 3.44 697.95 701.39 NOTE
r-devel-linux-x86_64-debian-gcc 1.1.0 2.57 571.84 574.41 NOTE
r-devel-linux-x86_64-fedora-clang 1.1.0 864.22 NOTE
r-devel-linux-x86_64-fedora-gcc 1.1.0 878.34 NOTE
r-devel-windows-ix86+x86_64 1.1.0 7.00 817.00 824.00 NOTE
r-devel-windows-x86_64-gcc10-UCRT 1.1.0 NOTE
r-patched-linux-x86_64 1.1.0 3.45 691.74 695.19 NOTE
r-patched-solaris-x86 1.1.0 1498.20 OK
r-release-linux-x86_64 1.1.0 3.29 696.05 699.34 OK
r-release-macos-x86_64 1.1.0 OK
r-release-windows-ix86+x86_64 1.1.0 6.00 736.00 742.00 OK
r-oldrel-macos-x86_64 1.1.0 FAIL
r-oldrel-windows-ix86+x86_64 1.1.0 4.00 699.00 703.00 OK

Check Details

Version: 1.1.0
Check: LazyData
Result: NOTE
     'LazyData' is specified without a 'data' directory
Flavors: r-devel-linux-x86_64-debian-clang, r-devel-linux-x86_64-debian-gcc, r-devel-linux-x86_64-fedora-clang, r-devel-linux-x86_64-fedora-gcc, r-devel-windows-ix86+x86_64, r-devel-windows-x86_64-gcc10-UCRT, r-patched-linux-x86_64

Version: 1.1.0
Check: re-building of vignette outputs
Result: WARN
    Error(s) in re-building vignettes:
     ...
    --- re-building ‘vignette.Rmd’ using rmarkdown
    Warning in engine$weave(file, quiet = quiet, encoding = enc) :
     Pandoc (>= 1.12.3) and/or pandoc-citeproc not available. Falling back to R Markdown v1.
    Loading required package: rainbow
    Loading required package: MASS
    Loading required package: pcaPP
    Loading required package: RCurl
    Loading required package: bitops
    
    Execution halted
Flavor: r-oldrel-macos-x86_64

Version: 1.1.0
Check: PDF version of manual
Result: FAIL
Flavor: r-oldrel-macos-x86_64