CRAN Package Check Results for Package filehash

Last updated on 2020-11-30 02:46:37 CET.

Flavor Version Tinstall Tcheck Ttotal Status Flags
r-devel-linux-x86_64-debian-clang 2.4-2 6.88 36.96 43.84 NOTE
r-devel-linux-x86_64-debian-gcc 2.4-2 4.47 30.42 34.89 NOTE
r-devel-linux-x86_64-fedora-clang 2.4-2 57.42 NOTE
r-devel-linux-x86_64-fedora-gcc 2.4-2 48.94 NOTE
r-devel-windows-ix86+x86_64 2.4-2 16.00 72.00 88.00 OK
r-patched-linux-x86_64 2.4-2 7.14 35.79 42.93 NOTE
r-patched-solaris-x86 2.4-2 68.70 NOTE
r-release-linux-x86_64 2.4-2 7.07 34.38 41.45 NOTE
r-release-macos-x86_64 2.4-2 OK
r-release-windows-ix86+x86_64 2.4-2 26.00 53.00 79.00 OK
r-oldrel-macos-x86_64 2.4-2 OK
r-oldrel-windows-ix86+x86_64 2.4-2 16.00 75.00 91.00 OK

Check Details

Version: 2.4-2
Check: for non-standard things in the check directory
Result: NOTE
    Found the following files/directories:
     'dataframe.dump' 'list.dump' 'myDB'
Flavors: r-devel-linux-x86_64-debian-clang, r-devel-linux-x86_64-debian-gcc, r-devel-linux-x86_64-fedora-clang, r-devel-linux-x86_64-fedora-gcc, r-patched-linux-x86_64, r-patched-solaris-x86, r-release-linux-x86_64