Last updated on 2025-01-22 02:49:12 CET.
Flavor | Version | Tinstall | Tcheck | Ttotal | Status | Flags |
---|---|---|---|---|---|---|
r-devel-linux-x86_64-debian-clang | 0.1.0 | 5.76 | 51.90 | 57.66 | OK | |
r-devel-linux-x86_64-debian-gcc | 0.1.0 | 4.90 | 37.61 | 42.51 | OK | |
r-devel-linux-x86_64-fedora-clang | 0.1.0 | 93.63 | NOTE | |||
r-devel-linux-x86_64-fedora-gcc | 0.1.0 | 87.42 | NOTE | |||
r-devel-windows-x86_64 | 0.1.0 | 7.00 | 67.00 | 74.00 | OK | |
r-patched-linux-x86_64 | 0.1.0 | 5.41 | 48.67 | 54.08 | OK | |
r-release-linux-x86_64 | 0.1.0 | 5.18 | 48.72 | 53.90 | OK | |
r-release-macos-arm64 | 0.1.0 | 26.00 | OK | |||
r-release-macos-x86_64 | 0.1.0 | 64.00 | OK | |||
r-release-windows-x86_64 | 0.1.0 | 6.00 | 66.00 | 72.00 | OK | |
r-oldrel-macos-arm64 | 0.1.0 | 34.00 | OK | |||
r-oldrel-macos-x86_64 | 0.1.0 | 47.00 | OK | |||
r-oldrel-windows-x86_64 | 0.1.0 | 9.00 | 76.00 | 85.00 | OK |
Version: 0.1.0
Check: dependencies in R code
Result: NOTE
Namespace in Imports field not imported from: ‘mvtnorm’
All declared Imports should be used.
Flavors: r-devel-linux-x86_64-fedora-clang, r-devel-linux-x86_64-fedora-gcc