Last updated on 2023-03-25 02:49:08 CET.
Flavor | Version | Tinstall | Tcheck | Ttotal | Status | Flags |
---|---|---|---|---|---|---|
r-devel-linux-x86_64-debian-clang | 0.5.3 | 21.17 | 203.51 | 224.68 | OK | |
r-devel-linux-x86_64-debian-gcc | 0.5.3 | 18.41 | 153.48 | 171.89 | OK | |
r-devel-linux-x86_64-fedora-clang | 0.5.3 | 274.87 | OK | |||
r-devel-linux-x86_64-fedora-gcc | 0.5.3 | 270.89 | OK | |||
r-patched-linux-x86_64 | 0.5.3 | 30.10 | 179.54 | 209.64 | OK | |
r-release-linux-x86_64 | 0.5.3 | 19.77 | 178.18 | 197.95 | OK | |
r-release-macos-arm64 | 0.5.3 | 66.00 | OK | |||
r-release-macos-x86_64 | 0.5.3 | 134.00 | OK | |||
r-release-windows-x86_64 | 0.5.3 | 198.00 | 252.00 | 450.00 | OK | |
r-oldrel-macos-arm64 | 0.5.3 | 60.00 | OK | |||
r-oldrel-macos-x86_64 | 0.5.3 | 94.00 | OK | |||
r-oldrel-windows-ix86+x86_64 | 0.5.3 | 45.00 | 222.00 | 267.00 | ERROR |
Version: 0.5.3
Check: tests
Result: ERROR
Running 'testthat_au.R' [21s]
Running 'testthat_vz.R' [11s]
Running the tests in 'tests/testthat_au.R' failed.
Complete output:
> library(testthat)
> library(fsbrain)
>
> # Break up tests to allow tests to run longer than 10 min in travis,
> # see https://github.com/travis-ci/travis-ci/issues/3849#issuecomment-345686242.
> test_check("fsbrain", filter = "^[a-u]")
Download file to 'C:\Users\CRAN\AppData\Local/fsbrain/fsbrain/subjects_dir/subject1/label/lh.aparc.a2009s.annot' from 'http://rcmd.org/projects/nitestdata/subjects_dir/subject1/label/lh.aparc.a2009s.annot'
trying URL 'http://rcmd.org/projects/nitestdata/subjects_dir/subject1/label/lh.aparc.a2009s.annot'
Download file to 'C:\Users\CRAN\AppData\Local/fsbrain/fsbrain/subjects_dir/subject1/label/lh.aparc.annot' from 'http://rcmd.org/projects/nitestdata/subjects_dir/subject1/label/lh.aparc.annot'
trying URL 'http://rcmd.org/projects/nitestdata/subjects_dir/subject1/label/lh.aparc.annot'
Download file to 'C:\Users\CRAN\AppData\Local/fsbrain/fsbrain/subjects_dir/subject1/label/lh.cortex.label' from 'http://rcmd.org/projects/nitestdata/subjects_dir/subject1/label/lh.cortex.label'
trying URL 'http://rcmd.org/projects/nitestdata/subjects_dir/subject1/label/lh.cortex.label'
Download file to 'C:\Users\CRAN\AppData\Local/fsbrain/fsbrain/subjects_dir/subject1/label/rh.aparc.a2009s.annot' from 'http://rcmd.org/projects/nitestdata/subjects_dir/subject1/label/rh.aparc.a2009s.annot'
trying URL 'http://rcmd.org/projects/nitestdata/subjects_dir/subject1/label/rh.aparc.a2009s.annot'
Download file to 'C:\Users\CRAN\AppData\Local/fsbrain/fsbrain/subjects_dir/subject1/label/rh.aparc.annot' from 'http://rcmd.org/projects/nitestdata/subjects_dir/subject1/label/rh.aparc.annot'
trying URL 'http://rcmd.org/projects/nitestdata/subjects_dir/subject1/label/rh.aparc.annot'
Download file to 'C:\Users\CRAN\AppData\Local/fsbrain/fsbrain/subjects_dir/subject1/label/rh.cortex.label' from 'http://rcmd.org/projects/nitestdata/subjects_dir/subject1/label/rh.cortex.label'
trying URL 'http://rcmd.org/projects/nitestdata/subjects_dir/subject1/label/rh.cortex.label'
Download file to 'C:\Users\CRAN\AppData\Local/fsbrain/fsbrain/subjects_dir/subject1/mri/brain.mgz' from 'http://rcmd.org/projects/nitestdata/subjects_dir/subject1/mri/brain.mgz'
trying URL 'http://rcmd.org/projects/nitestdata/subjects_dir/subject1/mri/brain.mgz'
Download file to 'C:\Users\CRAN\AppData\Local/fsbrain/fsbrain/subjects_dir/subject1/surf/lh.thickness' from 'http://rcmd.org/projects/nitestdata/subjects_dir/subject1/surf/lh.thickness'
trying URL 'http://rcmd.org/projects/nitestdata/subjects_dir/subject1/surf/lh.thickness'
Download file to 'C:\Users\CRAN\AppData\Local/fsbrain/fsbrain/subjects_dir/subject1/surf/lh.white' from 'http://rcmd.org/projects/nitestdata/subjects_dir/subject1/surf/lh.white'
trying URL 'http://rcmd.org/projects/nitestdata/subjects_dir/subject1/surf/lh.white'
Download file to 'C:\Users\CRAN\AppData\Local/fsbrain/fsbrain/subjects_dir/subject1/surf/rh.thickness' from 'http://rcmd.org/projects/nitestdata/subjects_dir/subject1/surf/rh.thickness'
trying URL 'http://rcmd.org/projects/nitestdata/subjects_dir/subject1/surf/rh.thickness'
Download file to 'C:\Users\CRAN\AppData\Local/fsbrain/fsbrain/subjects_dir/subject1/surf/rh.white' from 'http://rcmd.org/projects/nitestdata/subjects_dir/subject1/surf/rh.white'
trying URL 'http://rcmd.org/projects/nitestdata/subjects_dir/subject1/surf/rh.white'
Download file to 'C:\Users\CRAN\AppData\Local/fsbrain/fsbrain/subjects_dir/subject1/surf/lh.thickness.fwhm10.fsaverage.mgh' from 'http://rcmd.org/projects/nitestdata/subjects_dir/subject1/surf/lh.thickness.fwhm10.fsaverage.mgh'
trying URL 'http://rcmd.org/projects/nitestdata/subjects_dir/subject1/surf/lh.thickness.fwhm10.fsaverage.mgh'
Download file to 'C:\Users\CRAN\AppData\Local/fsbrain/fsbrain/subjects_dir/subject1/surf/rh.thickness.fwhm10.fsaverage.mgh' from 'http://rcmd.org/projects/nitestdata/subjects_dir/subject1/surf/rh.thickness.fwhm10.fsaverage.mgh'
trying URL 'http://rcmd.org/projects/nitestdata/subjects_dir/subject1/surf/rh.thickness.fwhm10.fsaverage.mgh'
Download file to 'C:\Users\CRAN\AppData\Local/fsbrain/fsbrain/subjects_dir/subject1/surf/lh.area' from 'http://rcmd.org/projects/nitestdata/subjects_dir/subject1/surf/lh.area'
trying URL 'http://rcmd.org/projects/nitestdata/subjects_dir/subject1/surf/lh.area'
Download file to 'C:\Users\CRAN\AppData\Local/fsbrain/fsbrain/subjects_dir/subject1/surf/rh.area' from 'http://rcmd.org/projects/nitestdata/subjects_dir/subject1/surf/rh.area'
trying URL 'http://rcmd.org/projects/nitestdata/subjects_dir/subject1/surf/rh.area'
Download file to 'C:\Users\CRAN\AppData\Local/fsbrain/fsbrain/subjects_dir/subject1/surf/lh.area.fwhm10.fsaverage.mgh' from 'http://rcmd.org/projects/nitestdata/subjects_dir/subject1/surf/lh.area.fwhm10.fsaverage.mgh'
trying URL 'http://rcmd.org/projects/nitestdata/subjects_dir/subject1/surf/lh.area.fwhm10.fsaverage.mgh'
Download file to 'C:\Users\CRAN\AppData\Local/fsbrain/fsbrain/subjects_dir/subject1/surf/rh.area.fwhm10.fsaverage.mgh' from 'http://rcmd.org/projects/nitestdata/subjects_dir/subject1/surf/rh.area.fwhm10.fsaverage.mgh'
trying URL 'http://rcmd.org/projects/nitestdata/subjects_dir/subject1/surf/rh.area.fwhm10.fsaverage.mgh'
Download file to 'C:\Users\CRAN\AppData\Local/fsbrain/fsbrain/subjects_dir/subject1/mri/aseg.mgz' from 'http://rcmd.org/projects/nitestdata/subjects_dir/subject1/mri/aseg.mgz'
trying URL 'http://rcmd.org/projects/nitestdata/subjects_dir/subject1/mri/aseg.mgz'
Download file to 'C:\Users\CRAN\AppData\Local/fsbrain/fsbrain/subjects_dir/subject1/mri/aparc+aseg.mgz' from 'http://rcmd.org/projects/nitestdata/subjects_dir/subject1/mri/aparc+aseg.mgz'
trying URL 'http://rcmd.org/projects/nitestdata/subjects_dir/subject1/mri/aparc+aseg.mgz'
Download file to 'C:\Users\CRAN\AppData\Local/fsbrain/fsbrain/subjects_dir/subject1/label/vol_midbrain.label' from 'http://rcmd.org/projects/nitestdata/subjects_dir/subject1/label/vol_midbrain.label'
trying URL 'http://rcmd.org/projects/nitestdata/subjects_dir/subject1/label/vol_midbrain.label'
Download file to 'C:\Users\CRAN\AppData\Local/fsbrain/fsbrain/subjects_dir/subject1/surf/lh.curv' from 'http://rcmd.org/projects/nitestdata/subjects_dir/subject1/surf/lh.curv'
trying URL 'http://rcmd.org/projects/nitestdata/subjects_dir/subject1/surf/lh.curv'
Download file to 'C:\Users\CRAN\AppData\Local/fsbrain/fsbrain/subjects_dir/subject1/surf/rh.curv' from 'http://rcmd.org/projects/nitestdata/subjects_dir/subject1/surf/rh.curv'
trying URL 'http://rcmd.org/projects/nitestdata/subjects_dir/subject1/surf/rh.curv'
Download file to 'C:\Users\CRAN\AppData\Local/fsbrain/fsbrain/subjects_dir/subject1/surf/lh.sulc' from 'http://rcmd.org/projects/nitestdata/subjects_dir/subject1/surf/lh.sulc'
trying URL 'http://rcmd.org/projects/nitestdata/subjects_dir/subject1/surf/lh.sulc'
Download file to 'C:\Users\CRAN\AppData\Local/fsbrain/fsbrain/subjects_dir/subject1/surf/rh.sulc' from 'http://rcmd.org/projects/nitestdata/subjects_dir/subject1/surf/rh.sulc'
trying URL 'http://rcmd.org/projects/nitestdata/subjects_dir/subject1/surf/rh.sulc'
Download file to 'C:\Users\CRAN\AppData\Local/fsbrain/fsbrain/subjects_dir/subject1/surf/lh.pial' from 'http://rcmd.org/projects/nitestdata/subjects_dir/subject1/surf/lh.pial'
trying URL 'http://rcmd.org/projects/nitestdata/subjects_dir/subject1/surf/lh.pial'
Download file to 'C:\Users\CRAN\AppData\Local/fsbrain/fsbrain/subjects_dir/subject1/surf/rh.pial' from 'http://rcmd.org/projects/nitestdata/subjects_dir/subject1/surf/rh.pial'
trying URL 'http://rcmd.org/projects/nitestdata/subjects_dir/subject1/surf/rh.pial'
Download file to 'C:\Users\CRAN\AppData\Local/fsbrain/fsbrain/subjects_dir/subject1/surf/lh.inflated' from 'http://rcmd.org/projects/nitestdata/subjects_dir/subject1/surf/lh.inflated'
trying URL 'http://rcmd.org/projects/nitestdata/subjects_dir/subject1/surf/lh.inflated'
Download file to 'C:\Users\CRAN\AppData\Local/fsbrain/fsbrain/subjects_dir/subject1/surf/rh.inflated' from 'http://rcmd.org/projects/nitestdata/subjects_dir/subject1/surf/rh.inflated'
trying URL 'http://rcmd.org/projects/nitestdata/subjects_dir/subject1/surf/rh.inflated'
Download file to 'C:\Users\CRAN\AppData\Local/fsbrain/fsbrain/subjects_dir/subject1/surf/lh.white.min' from 'http://rcmd.org/projects/nitestdata/subjects_dir/subject1/surf/lh.white.min'
trying URL 'http://rcmd.org/projects/nitestdata/subjects_dir/subject1/surf/lh.white.min'
Download file to 'C:\Users\CRAN\AppData\Local/fsbrain/fsbrain/subjects_dir/subject1/surf/rh.white.min' from 'http://rcmd.org/projects/nitestdata/subjects_dir/subject1/surf/rh.white.min'
trying URL 'http://rcmd.org/projects/nitestdata/subjects_dir/subject1/surf/rh.white.min'
Download file to 'C:\Users\CRAN\AppData\Local/fsbrain/fsbrain/subjects_dir/subject1/surf/lh.white.max' from 'http://rcmd.org/projects/nitestdata/subjects_dir/subject1/surf/lh.white.max'
trying URL 'http://rcmd.org/projects/nitestdata/subjects_dir/subject1/surf/lh.white.max'
Download file to 'C:\Users\CRAN\AppData\Local/fsbrain/fsbrain/subjects_dir/subject1/surf/rh.white.max' from 'http://rcmd.org/projects/nitestdata/subjects_dir/subject1/surf/rh.white.max'
trying URL 'http://rcmd.org/projects/nitestdata/subjects_dir/subject1/surf/rh.white.max'
Download file to 'C:\Users\CRAN\AppData\Local/fsbrain/fsbrain/subjects_dir/subject1/surf/lh.pial.min' from 'http://rcmd.org/projects/nitestdata/subjects_dir/subject1/surf/lh.pial.min'
trying URL 'http://rcmd.org/projects/nitestdata/subjects_dir/subject1/surf/lh.pial.min'
Download file to 'C:\Users\CRAN\AppData\Local/fsbrain/fsbrain/subjects_dir/subject1/surf/rh.pial.min' from 'http://rcmd.org/projects/nitestdata/subjects_dir/subject1/surf/rh.pial.min'
trying URL 'http://rcmd.org/projects/nitestdata/subjects_dir/subject1/surf/rh.pial.min'
Download file to 'C:\Users\CRAN\AppData\Local/fsbrain/fsbrain/subjects_dir/subject1/surf/lh.pial.max' from 'http://rcmd.org/projects/nitestdata/subjects_dir/subject1/surf/lh.pial.max'
trying URL 'http://rcmd.org/projects/nitestdata/subjects_dir/subject1/surf/lh.pial.max'
Download file to 'C:\Users\CRAN\AppData\Local/fsbrain/fsbrain/subjects_dir/subject1/surf/rh.pial.max' from 'http://rcmd.org/projects/nitestdata/subjects_dir/subject1/surf/rh.pial.max'
trying URL 'http://rcmd.org/projects/nitestdata/subjects_dir/subject1/surf/rh.pial.max'
Download file to 'C:\Users\CRAN\AppData\Local/fsbrain/fsbrain/subjects_dir/subject1/surf/lh.volume' from 'http://rcmd.org/projects/nitestdata/subjects_dir/subject1/surf/lh.volume'
trying URL 'http://rcmd.org/projects/nitestdata/subjects_dir/subject1/surf/lh.volume'
Download file to 'C:\Users\CRAN\AppData\Local/fsbrain/fsbrain/subjects_dir/subject1/surf/rh.volume' from 'http://rcmd.org/projects/nitestdata/subjects_dir/subject1/surf/rh.volume'
trying URL 'http://rcmd.org/projects/nitestdata/subjects_dir/subject1/surf/rh.volume'
Download file to 'C:\Users\CRAN\AppData\Local/fsbrain/fsbrain/subjects_dir/subject1/surf/lh.jacobian_white' from 'http://rcmd.org/projects/nitestdata/subjects_dir/subject1/surf/lh.jacobian_white'
trying URL 'http://rcmd.org/projects/nitestdata/subjects_dir/subject1/surf/lh.jacobian_white'
Download file to 'C:\Users\CRAN\AppData\Local/fsbrain/fsbrain/subjects_dir/subject1/surf/rh.jacobian_white' from 'http://rcmd.org/projects/nitestdata/subjects_dir/subject1/surf/rh.jacobian_white'
trying URL 'http://rcmd.org/projects/nitestdata/subjects_dir/subject1/surf/rh.jacobian_white'
Download file to 'C:\Users\CRAN\AppData\Local/fsbrain/fsbrain/subjects_dir/subject1/surf/lh.sulc.fwhm10.fsaverage.mgh' from 'http://rcmd.org/projects/nitestdata/subjects_dir/subject1/surf/lh.sulc.fwhm10.fsaverage.mgh'
trying URL 'http://rcmd.org/projects/nitestdata/subjects_dir/subject1/surf/lh.sulc.fwhm10.fsaverage.mgh'
Download file to 'C:\Users\CRAN\AppData\Local/fsbrain/fsbrain/subjects_dir/subject1/surf/rh.sulc.fwhm10.fsaverage.mgh' from 'http://rcmd.org/projects/nitestdata/subjects_dir/subject1/surf/rh.sulc.fwhm10.fsaverage.mgh'
trying URL 'http://rcmd.org/projects/nitestdata/subjects_dir/subject1/surf/rh.sulc.fwhm10.fsaverage.mgh'
Download file to 'C:\Users\CRAN\AppData\Local/fsbrain/fsbrain/subjects_dir/subject1/mri/T1.mgz' from 'http://rcmd.org/projects/nitestdata/subjects_dir/subject1/mri/T1.mgz'
trying URL 'http://rcmd.org/projects/nitestdata/subjects_dir/subject1/mri/T1.mgz'
Download file to 'C:\Users\CRAN\AppData\Local/fsbrain/fsbrain/subjects_dir/subject2/label/lh.aparc.a2009s.annot' from 'http://rcmd.org/projects/nitestdata/subjects_dir/subject2/label/lh.aparc.a2009s.annot'
trying URL 'http://rcmd.org/projects/nitestdata/subjects_dir/subject2/label/lh.aparc.a2009s.annot'
Download file to 'C:\Users\CRAN\AppData\Local/fsbrain/fsbrain/subjects_dir/subject2/label/lh.aparc.annot' from 'http://rcmd.org/projects/nitestdata/subjects_dir/subject2/label/lh.aparc.annot'
trying URL 'http://rcmd.org/projects/nitestdata/subjects_dir/subject2/label/lh.aparc.annot'
Download file to 'C:\Users\CRAN\AppData\Local/fsbrain/fsbrain/subjects_dir/subject2/label/lh.cortex.label' from 'http://rcmd.org/projects/nitestdata/subjects_dir/subject2/label/lh.cortex.label'
trying URL 'http://rcmd.org/projects/nitestdata/subjects_dir/subject2/label/lh.cortex.label'
Download file to 'C:\Users\CRAN\AppData\Local/fsbrain/fsbrain/subjects_dir/subject2/label/rh.aparc.a2009s.annot' from 'http://rcmd.org/projects/nitestdata/subjects_dir/subject2/label/rh.aparc.a2009s.annot'
trying URL 'http://rcmd.org/projects/nitestdata/subjects_dir/subject2/label/rh.aparc.a2009s.annot'
Download file to 'C:\Users\CRAN\AppData\Local/fsbrain/fsbrain/subjects_dir/subject2/label/rh.aparc.annot' from 'http://rcmd.org/projects/nitestdata/subjects_dir/subject2/label/rh.aparc.annot'
trying URL 'http://rcmd.org/projects/nitestdata/subjects_dir/subject2/label/rh.aparc.annot'
Download file to 'C:\Users\CRAN\AppData\Local/fsbrain/fsbrain/subjects_dir/subject2/label/rh.cortex.label' from 'http://rcmd.org/projects/nitestdata/subjects_dir/subject2/label/rh.cortex.label'
trying URL 'http://rcmd.org/projects/nitestdata/subjects_dir/subject2/label/rh.cortex.label'
Download file to 'C:\Users\CRAN\AppData\Local/fsbrain/fsbrain/subjects_dir/subject2/mri/brain.mgz' from 'http://rcmd.org/projects/nitestdata/subjects_dir/subject2/mri/brain.mgz'
trying URL 'http://rcmd.org/projects/nitestdata/subjects_dir/subject2/mri/brain.mgz'
Download file to 'C:\Users\CRAN\AppData\Local/fsbrain/fsbrain/subjects_dir/subject2/surf/lh.thickness' from 'http://rcmd.org/projects/nitestdata/subjects_dir/subject2/surf/lh.thickness'
trying URL 'http://rcmd.org/projects/nitestdata/subjects_dir/subject2/surf/lh.thickness'
Download file to 'C:\Users\CRAN\AppData\Local/fsbrain/fsbrain/subjects_dir/subject2/surf/lh.white' from 'http://rcmd.org/projects/nitestdata/subjects_dir/subject2/surf/lh.white'
trying URL 'http://rcmd.org/projects/nitestdata/subjects_dir/subject2/surf/lh.white'
Download file to 'C:\Users\CRAN\AppData\Local/fsbrain/fsbrain/subjects_dir/subject2/surf/rh.thickness' from 'http://rcmd.org/projects/nitestdata/subjects_dir/subject2/surf/rh.thickness'
trying URL 'http://rcmd.org/projects/nitestdata/subjects_dir/subject2/surf/rh.thickness'
Download file to 'C:\Users\CRAN\AppData\Local/fsbrain/fsbrain/subjects_dir/subject2/surf/rh.white' from 'http://rcmd.org/projects/nitestdata/subjects_dir/subject2/surf/rh.white'
trying URL 'http://rcmd.org/projects/nitestdata/subjects_dir/subject2/surf/rh.white'
Download file to 'C:\Users\CRAN\AppData\Local/fsbrain/fsbrain/subjects_dir/subject2/surf/lh.thickness.fwhm10.fsaverage.mgh' from 'http://rcmd.org/projects/nitestdata/subjects_dir/subject2/surf/lh.thickness.fwhm10.fsaverage.mgh'
trying URL 'http://rcmd.org/projects/nitestdata/subjects_dir/subject2/surf/lh.thickness.fwhm10.fsaverage.mgh'
Download file to 'C:\Users\CRAN\AppData\Local/fsbrain/fsbrain/subjects_dir/subject2/surf/rh.thickness.fwhm10.fsaverage.mgh' from 'http://rcmd.org/projects/nitestdata/subjects_dir/subject2/surf/rh.thickness.fwhm10.fsaverage.mgh'
trying URL 'http://rcmd.org/projects/nitestdata/subjects_dir/subject2/surf/rh.thickness.fwhm10.fsaverage.mgh'
Download file to 'C:\Users\CRAN\AppData\Local/fsbrain/fsbrain/subjects_dir/subject2/surf/lh.area' from 'http://rcmd.org/projects/nitestdata/subjects_dir/subject2/surf/lh.area'
trying URL 'http://rcmd.org/projects/nitestdata/subjects_dir/subject2/surf/lh.area'
Download file to 'C:\Users\CRAN\AppData\Local/fsbrain/fsbrain/subjects_dir/subject2/surf/rh.area' from 'http://rcmd.org/projects/nitestdata/subjects_dir/subject2/surf/rh.area'
trying URL 'http://rcmd.org/projects/nitestdata/subjects_dir/subject2/surf/rh.area'
Download file to 'C:\Users\CRAN\AppData\Local/fsbrain/fsbrain/subjects_dir/subject2/surf/lh.area.fwhm10.fsaverage.mgh' from 'http://rcmd.org/projects/nitestdata/subjects_dir/subject2/surf/lh.area.fwhm10.fsaverage.mgh'
trying URL 'http://rcmd.org/projects/nitestdata/subjects_dir/subject2/surf/lh.area.fwhm10.fsaverage.mgh'
Download file to 'C:\Users\CRAN\AppData\Local/fsbrain/fsbrain/subjects_dir/subject2/surf/rh.area.fwhm10.fsaverage.mgh' from 'http://rcmd.org/projects/nitestdata/subjects_dir/subject2/surf/rh.area.fwhm10.fsaverage.mgh'
trying URL 'http://rcmd.org/projects/nitestdata/subjects_dir/subject2/surf/rh.area.fwhm10.fsaverage.mgh'
Download file to 'C:\Users\CRAN\AppData\Local/fsbrain/fsbrain/subjects_dir/subject2/mri/aseg.mgz' from 'http://rcmd.org/projects/nitestdata/subjects_dir/subject2/mri/aseg.mgz'
trying URL 'http://rcmd.org/projects/nitestdata/subjects_dir/subject2/mri/aseg.mgz'
Download file to 'C:\Users\CRAN\AppData\Local/fsbrain/fsbrain/subjects_dir/subject2/mri/aparc+aseg.mgz' from 'http://rcmd.org/projects/nitestdata/subjects_dir/subject2/mri/aparc+aseg.mgz'
trying URL 'http://rcmd.org/projects/nitestdata/subjects_dir/subject2/mri/aparc+aseg.mgz'
Download file to 'C:\Users\CRAN\AppData\Local/fsbrain/fsbrain/subjects_dir/subject2/label/vol_midbrain.label' from 'http://rcmd.org/projects/nitestdata/subjects_dir/subject2/label/vol_midbrain.label'
trying URL 'http://rcmd.org/projects/nitestdata/subjects_dir/subject2/label/vol_midbrain.label'
Download file to 'C:\Users\CRAN\AppData\Local/fsbrain/fsbrain/subjects_dir/subject2/surf/lh.curv' from 'http://rcmd.org/projects/nitestdata/subjects_dir/subject2/surf/lh.curv'
trying URL 'http://rcmd.org/projects/nitestdata/subjects_dir/subject2/surf/lh.curv'
Download file to 'C:\Users\CRAN\AppData\Local/fsbrain/fsbrain/subjects_dir/subject2/surf/rh.curv' from 'http://rcmd.org/projects/nitestdata/subjects_dir/subject2/surf/rh.curv'
trying URL 'http://rcmd.org/projects/nitestdata/subjects_dir/subject2/surf/rh.curv'
Download file to 'C:\Users\CRAN\AppData\Local/fsbrain/fsbrain/subjects_dir/subject2/surf/lh.sulc' from 'http://rcmd.org/projects/nitestdata/subjects_dir/subject2/surf/lh.sulc'
trying URL 'http://rcmd.org/projects/nitestdata/subjects_dir/subject2/surf/lh.sulc'
Download file to 'C:\Users\CRAN\AppData\Local/fsbrain/fsbrain/subjects_dir/subject2/surf/rh.sulc' from 'http://rcmd.org/projects/nitestdata/subjects_dir/subject2/surf/rh.sulc'
trying URL 'http://rcmd.org/projects/nitestdata/subjects_dir/subject2/surf/rh.sulc'
Download file to 'C:\Users\CRAN\AppData\Local/fsbrain/fsbrain/subjects_dir/subject2/surf/lh.pial' from 'http://rcmd.org/projects/nitestdata/subjects_dir/subject2/surf/lh.pial'
trying URL 'http://rcmd.org/projects/nitestdata/subjects_dir/subject2/surf/lh.pial'
Download file to 'C:\Users\CRAN\AppData\Local/fsbrain/fsbrain/subjects_dir/subject2/surf/rh.pial' from 'http://rcmd.org/projects/nitestdata/subjects_dir/subject2/surf/rh.pial'
trying URL 'http://rcmd.org/projects/nitestdata/subjects_dir/subject2/surf/rh.pial'
Download file to 'C:\Users\CRAN\AppData\Local/fsbrain/fsbrain/subjects_dir/subject2/surf/lh.inflated' from 'http://rcmd.org/projects/nitestdata/subjects_dir/subject2/surf/lh.inflated'
trying URL 'http://rcmd.org/projects/nitestdata/subjects_dir/subject2/surf/lh.inflated'
Download file to 'C:\Users\CRAN\AppData\Local/fsbrain/fsbrain/subjects_dir/subject2/surf/rh.inflated' from 'http://rcmd.org/projects/nitestdata/subjects_dir/subject2/surf/rh.inflated'
trying URL 'http://rcmd.org/projects/nitestdata/subjects_dir/subject2/surf/rh.inflated'
Download file to 'C:\Users\CRAN\AppData\Local/fsbrain/fsbrain/subjects_dir/subject2/surf/lh.white.min' from 'http://rcmd.org/projects/nitestdata/subjects_dir/subject2/surf/lh.white.min'
trying URL 'http://rcmd.org/projects/nitestdata/subjects_dir/subject2/surf/lh.white.min'
Download file to 'C:\Users\CRAN\AppData\Local/fsbrain/fsbrain/subjects_dir/subject2/surf/rh.white.min' from 'http://rcmd.org/projects/nitestdata/subjects_dir/subject2/surf/rh.white.min'
trying URL 'http://rcmd.org/projects/nitestdata/subjects_dir/subject2/surf/rh.white.min'
Download file to 'C:\Users\CRAN\AppData\Local/fsbrain/fsbrain/subjects_dir/subject2/surf/lh.white.max' from 'http://rcmd.org/projects/nitestdata/subjects_dir/subject2/surf/lh.white.max'
trying URL 'http://rcmd.org/projects/nitestdata/subjects_dir/subject2/surf/lh.white.max'
Download file to 'C:\Users\CRAN\AppData\Local/fsbrain/fsbrain/subjects_dir/subject2/surf/rh.white.max' from 'http://rcmd.org/projects/nitestdata/subjects_dir/subject2/surf/rh.white.max'
trying URL 'http://rcmd.org/projects/nitestdata/subjects_dir/subject2/surf/rh.white.max'
Download file to 'C:\Users\CRAN\AppData\Local/fsbrain/fsbrain/subjects_dir/subject2/surf/lh.pial.min' from 'http://rcmd.org/projects/nitestdata/subjects_dir/subject2/surf/lh.pial.min'
trying URL 'http://rcmd.org/projects/nitestdata/subjects_dir/subject2/surf/lh.pial.min'
Download file to 'C:\Users\CRAN\AppData\Local/fsbrain/fsbrain/subjects_dir/subject2/surf/rh.pial.min' from 'http://rcmd.org/projects/nitestdata/subjects_dir/subject2/surf/rh.pial.min'
trying URL 'http://rcmd.org/projects/nitestdata/subjects_dir/subject2/surf/rh.pial.min'
Download file to 'C:\Users\CRAN\AppData\Local/fsbrain/fsbrain/subjects_dir/subject2/surf/lh.pial.max' from 'http://rcmd.org/projects/nitestdata/subjects_dir/subject2/surf/lh.pial.max'
trying URL 'http://rcmd.org/projects/nitestdata/subjects_dir/subject2/surf/lh.pial.max'
Download file to 'C:\Users\CRAN\AppData\Local/fsbrain/fsbrain/subjects_dir/subject2/surf/rh.pial.max' from 'http://rcmd.org/projects/nitestdata/subjects_dir/subject2/surf/rh.pial.max'
trying URL 'http://rcmd.org/projects/nitestdata/subjects_dir/subject2/surf/rh.pial.max'
Download file to 'C:\Users\CRAN\AppData\Local/fsbrain/fsbrain/subjects_dir/subject1/surf/lh.volume' from 'http://rcmd.org/projects/nitestdata/subjects_dir/subject2/surf/lh.volume'
trying URL 'http://rcmd.org/projects/nitestdata/subjects_dir/subject2/surf/lh.volume'
Download file to 'C:\Users\CRAN\AppData\Local/fsbrain/fsbrain/subjects_dir/subject2/surf/rh.volume' from 'http://rcmd.org/projects/nitestdata/subjects_dir/subject2/surf/rh.volume'
trying URL 'http://rcmd.org/projects/nitestdata/subjects_dir/subject2/surf/rh.volume'
Download file to 'C:\Users\CRAN\AppData\Local/fsbrain/fsbrain/subjects_dir/subject2/surf/lh.jacobian_white' from 'http://rcmd.org/projects/nitestdata/subjects_dir/subject2/surf/lh.jacobian_white'
trying URL 'http://rcmd.org/projects/nitestdata/subjects_dir/subject2/surf/lh.jacobian_white'
Download file to 'C:\Users\CRAN\AppData\Local/fsbrain/fsbrain/subjects_dir/subject2/surf/rh.jacobian_white' from 'http://rcmd.org/projects/nitestdata/subjects_dir/subject2/surf/rh.jacobian_white'
trying URL 'http://rcmd.org/projects/nitestdata/subjects_dir/subject2/surf/rh.jacobian_white'
Download file to 'C:\Users\CRAN\AppData\Local/fsbrain/fsbrain/subjects_dir/subject2/surf/lh.sulc.fwhm10.fsaverage.mgh' from 'http://rcmd.org/projects/nitestdata/subjects_dir/subject2/surf/lh.sulc.fwhm10.fsaverage.mgh'
trying URL 'http://rcmd.org/projects/nitestdata/subjects_dir/subject2/surf/lh.sulc.fwhm10.fsaverage.mgh'
Download file to 'C:\Users\CRAN\AppData\Local/fsbrain/fsbrain/subjects_dir/subject2/surf/rh.sulc.fwhm10.fsaverage.mgh' from 'http://rcmd.org/projects/nitestdata/subjects_dir/subject2/surf/rh.sulc.fwhm10.fsaverage.mgh'
trying URL 'http://rcmd.org/projects/nitestdata/subjects_dir/subject2/surf/rh.sulc.fwhm10.fsaverage.mgh'
Download file to 'C:\Users\CRAN\AppData\Local/fsbrain/fsbrain/subjects_dir/subject2/mri/T1.mgz' from 'http://rcmd.org/projects/nitestdata/subjects_dir/subject2/mri/T1.mgz'
trying URL 'http://rcmd.org/projects/nitestdata/subjects_dir/subject2/mri/T1.mgz'
===Demographics report for 6 subjects follows=== * Demographics report for the 1 numeric columns: column min mean max num_NA age 28.000000 32.000000 35.000000 0 * Demographics report for the 2 factor columns: column num_levels num_NA subject_id 6 0 group 2 0 ===End of Demographics Report======Demographics report for 6 subjects follows=== * Demographics report for the 1 numeric columns: column min mean max num_NA age 28.000000 32.000000 35.000000 0 * Demographics report for the 2 factor columns: column num_levels num_NA subject_id 6 0 group 2 0 *Demographics report notice: the numeric data will be scaled and centered, and the report above represents the data BEFORE that operation.
===End of Demographics Report===[ FAIL 1 | WARN 86 | SKIP 89 | PASS 138 ]
== Skipped tests ===============================================================
* On CRAN (88)
* This test is broken (1)
== Failed tests ================================================================
-- Error ('test-helpers.R:25:3'): The neigborhood of a vertex is computed correctly --
Error in `subject.surface(subjects_dir, "subject1", "white", "lh")`: Surface file 'C:\Users\CRAN\AppData\Local/fsbrain/fsbrain/subjects_dir/subject1/surf/lh.white' for subject 'subject1' surface 'white' hemi 'lh' cannot be accessed.
Backtrace:
x
1. \-fsbrain::subject.surface(subjects_dir, "subject1", "white", "lh") at test-helpers.R:25:2
[ FAIL 1 | WARN 86 | SKIP 89 | PASS 138 ]
Error: Test failures
Execution halted
Flavor: r-oldrel-windows-ix86+x86_64