Last updated on 2022-05-22 02:49:03 CEST.
Flavor | Version | Tinstall | Tcheck | Ttotal | Status | Flags |
---|---|---|---|---|---|---|
r-devel-linux-x86_64-debian-clang | 1.5.7 | 735.04 | 129.12 | 864.16 | OK | |
r-devel-linux-x86_64-debian-gcc | 1.5.7 | 599.83 | 108.73 | 708.56 | OK | |
r-devel-linux-x86_64-fedora-clang | 1.5.7 | 1333.14 | NOTE | |||
r-devel-linux-x86_64-fedora-gcc | 1.5.7 | 1164.85 | OK | |||
r-devel-windows-x86_64 | 1.5.7 | 509.00 | 206.00 | 715.00 | NOTE | |
r-patched-linux-x86_64 | 1.5.7 | 633.06 | 138.32 | 771.38 | OK | |
r-release-linux-x86_64 | 1.5.7 | 621.50 | 138.30 | 759.80 | OK | |
r-release-macos-arm64 | 1.5.7 | 277.00 | NOTE | |||
r-release-macos-x86_64 | 1.5.7 | 338.00 | NOTE | |||
r-release-windows-x86_64 | 1.5.7 | 493.00 | 220.00 | 713.00 | NOTE | |
r-oldrel-macos-arm64 | 1.5.7 | 294.00 | NOTE | |||
r-oldrel-macos-x86_64 | 1.5.7 | 527.00 | NOTE | |||
r-oldrel-windows-ix86+x86_64 | 1.5.7 | 1614.00 | 248.00 | 1862.00 | NOTE |
Version: 1.5.7
Check: installed package size
Result: NOTE
installed size is 64.7Mb
sub-directories of 1Mb or more:
extdata 1.6Mb
libs 61.3Mb
Flavors: r-devel-linux-x86_64-fedora-clang, r-devel-windows-x86_64, r-release-macos-arm64, r-release-macos-x86_64, r-release-windows-x86_64, r-oldrel-macos-arm64, r-oldrel-macos-x86_64, r-oldrel-windows-ix86+x86_64
Version: 1.5.7
Check: Rd cross-references
Result: NOTE
Undeclared package ‘RcppEigen’ in Rd xrefs
Flavor: r-devel-linux-x86_64-fedora-clang