Last updated on 2023-12-10 02:49:29 CET.
Flavor | Version | Tinstall | Tcheck | Ttotal | Status | Flags |
---|---|---|---|---|---|---|
r-devel-linux-x86_64-debian-clang | 2.1.1 | 31.67 | 115.25 | 146.92 | NOTE | |
r-devel-linux-x86_64-debian-gcc | 2.1.1 | 27.49 | 86.87 | 114.36 | NOTE | |
r-devel-linux-x86_64-fedora-clang | 2.1.1 | 195.96 | NOTE | |||
r-devel-linux-x86_64-fedora-gcc | 2.1.1 | 186.04 | NOTE | |||
r-devel-windows-x86_64 | 2.1.1 | 28.00 | 97.00 | 125.00 | OK | |
r-patched-linux-x86_64 | 2.1.1 | 35.35 | 108.38 | 143.73 | OK | |
r-release-linux-x86_64 | 2.1.1 | 33.55 | 107.27 | 140.82 | OK | |
r-release-macos-arm64 | 2.1.1 | 63.00 | OK | |||
r-release-macos-x86_64 | 2.1.1 | 154.00 | OK | |||
r-release-windows-x86_64 | 2.1.1 | 37.00 | 119.00 | 156.00 | OK | |
r-oldrel-macos-arm64 | 2.1.1 | 64.00 | OK | |||
r-oldrel-macos-x86_64 | 2.1.1 | 82.00 | OK | |||
r-oldrel-windows-x86_64 | 2.1.1 | 40.00 | 128.00 | 168.00 | OK |
Version: 2.1.1
Check: Rd files
Result: NOTE
checkRd: (-1) raster_bathymetry.Rd:30: Lost braces
30 | \item{warp}{Logical indicating whether the resulting grid should be resampled to a new CRS if \code{proj.out} != code{proj.bathy} using the \code{\link[stars]{st_warp}} function. A time-consuming operation, but necessary when CRS changes in raster bathymetries. Not required if the next step is to vectorise the bathymetry.}
| ^
Flavors: r-devel-linux-x86_64-debian-clang, r-devel-linux-x86_64-debian-gcc
Version: 2.1.1
Check: data for non-ASCII characters
Result: NOTE
Note: found 1 marked UTF-8 string
Flavors: r-devel-linux-x86_64-fedora-clang, r-devel-linux-x86_64-fedora-gcc