CRAN Package Check Results for Package gmodels

Last updated on 2021-09-17 02:48:51 CEST.

Flavor Version Tinstall Tcheck Ttotal Status Flags
r-devel-linux-x86_64-debian-clang 2.18.1 3.53 32.59 36.12 OK
r-devel-linux-x86_64-debian-gcc 2.18.1 2.45 25.78 28.23 OK
r-devel-linux-x86_64-fedora-clang 2.18.1 52.54 NOTE
r-devel-linux-x86_64-fedora-gcc 2.18.1 41.48 OK
r-devel-windows-x86_64 2.18.1 5.00 47.00 52.00 OK
r-devel-windows-x86_64-gcc10-UCRT 2.18.1 OK
r-patched-linux-x86_64 2.18.1 3.41 31.42 34.83 OK
r-patched-solaris-x86 2.18.1 60.60 OK
r-release-linux-x86_64 2.18.1 3.47 31.71 35.18 OK
r-release-macos-arm64 2.18.1 OK
r-release-macos-x86_64 2.18.1 OK
r-release-windows-ix86+x86_64 2.18.1 7.00 34.00 41.00 OK
r-oldrel-macos-x86_64 2.18.1 OK
r-oldrel-windows-ix86+x86_64 2.18.1 6.00 44.00 50.00 OK

Check Details

Version: 2.18.1
Check: Rd cross-references
Result: NOTE
    Undeclared package ‘rms’ in Rd xrefs
Flavor: r-devel-linux-x86_64-fedora-clang