CRAN Package Check Results for Package ic.infer

Last updated on 2022-10-03 02:53:38 CEST.

Flavor Version Tinstall Tcheck Ttotal Status Flags
r-devel-linux-x86_64-debian-clang 1.1-6 7.22 98.61 105.83 NOTE
r-devel-linux-x86_64-debian-gcc 1.1-6 5.87 73.81 79.68 NOTE
r-devel-linux-x86_64-fedora-clang 1.1-6 140.80 NOTE
r-devel-linux-x86_64-fedora-gcc 1.1-6 134.37 NOTE
r-devel-windows-x86_64 1.1-6 20.00 151.00 171.00 NOTE
r-patched-linux-x86_64 1.1-6 7.74 94.78 102.52 NOTE
r-release-linux-x86_64 1.1-6 6.59 93.38 99.97 NOTE
r-release-macos-arm64 1.1-6 43.00 NOTE
r-release-macos-x86_64 1.1-6 58.00 NOTE
r-release-windows-x86_64 1.1-6 17.00 149.00 166.00 NOTE
r-oldrel-macos-arm64 1.1-6 51.00 NOTE
r-oldrel-macos-x86_64 1.1-6 125.00 NOTE
r-oldrel-windows-ix86+x86_64 1.1-6 14.00 132.00 146.00 NOTE

Check Details

Version: 1.1-6
Check: LazyData
Result: NOTE
     'LazyData' is specified without a 'data' directory
Flavors: r-devel-linux-x86_64-debian-clang, r-devel-linux-x86_64-debian-gcc, r-devel-linux-x86_64-fedora-clang, r-devel-linux-x86_64-fedora-gcc, r-devel-windows-x86_64, r-patched-linux-x86_64, r-release-linux-x86_64, r-release-macos-arm64, r-release-macos-x86_64, r-release-windows-x86_64, r-oldrel-macos-arm64, r-oldrel-macos-x86_64, r-oldrel-windows-ix86+x86_64