Last updated on 2022-07-03 02:51:05 CEST.
Flavor | Version | Tinstall | Tcheck | Ttotal | Status | Flags |
---|---|---|---|---|---|---|
r-devel-linux-x86_64-debian-clang | 1.3.2 | 90.86 | 77.11 | 167.97 | OK | |
r-devel-linux-x86_64-debian-gcc | 1.3.2 | 70.86 | 59.97 | 130.83 | OK | |
r-devel-linux-x86_64-fedora-clang | 1.3.2 | 258.37 | OK | |||
r-devel-linux-x86_64-fedora-gcc | 1.3.2 | 220.94 | OK | |||
r-devel-windows-x86_64 | 1.3.2 | 114.00 | 143.00 | 257.00 | OK | |
r-patched-linux-x86_64 | 1.3.2 | 77.74 | 76.50 | 154.24 | OK | |
r-release-linux-x86_64 | 1.3.2 | 75.68 | 75.28 | 150.96 | OK | |
r-release-macos-arm64 | 1.3.2 | 60.00 | OK | |||
r-release-macos-x86_64 | 1.3.2 | 84.00 | NOTE | |||
r-release-windows-x86_64 | 1.3.2 | 137.00 | 139.00 | 276.00 | OK | |
r-oldrel-macos-arm64 | 1.3.2 | 68.00 | OK | |||
r-oldrel-macos-x86_64 | 1.3.2 | 118.00 | OK | |||
r-oldrel-windows-ix86+x86_64 | 1.3.2 | 231.00 | 166.00 | 397.00 | OK |
Version: 1.3.2
Check: package dependencies
Result: NOTE
Package suggested but not available for checking: ‘tesseract’
Flavor: r-release-macos-x86_64